CRAN Package Check Results for Package gamlss.lasso

Last updated on 2022-01-16 22:51:13 CET.

Flavor Version Tinstall Tcheck Ttotal Status Flags
r-devel-linux-x86_64-debian-clang 1.0-1 8.88 84.75 93.63 OK
r-devel-linux-x86_64-debian-gcc 1.0-1 6.90 65.63 72.53 OK
r-devel-linux-x86_64-fedora-clang 1.0-1 113.66 NOTE
r-devel-linux-x86_64-fedora-gcc 1.0-1 101.67 OK
r-devel-windows-x86_64-new-UL 1.0-1 35.00 102.00 137.00 OK
r-devel-windows-x86_64-new-TK 1.0-1 OK
r-patched-linux-x86_64 1.0-1 8.23 82.67 90.90 OK
r-release-linux-x86_64 1.0-1 OK
r-release-macos-arm64 1.0-1 OK
r-release-macos-x86_64 1.0-1 OK
r-release-windows-ix86+x86_64 1.0-1 20.00 99.00 119.00 OK
r-oldrel-macos-x86_64 1.0-1 OK
r-oldrel-windows-ix86+x86_64 1.0-1 20.00 99.00 119.00 OK

Check Details

Version: 1.0-1
Check: Rd cross-references
Result: NOTE
    Undeclared packages ‘gamlss.dist’, ‘gamlss.add’ in Rd xrefs
Flavor: r-devel-linux-x86_64-fedora-clang