CRAN Package Check Results for Package garma

Last updated on 2022-01-27 23:01:03 CET.

Flavor Version Tinstall Tcheck Ttotal Status Flags
r-devel-linux-x86_64-debian-clang 0.9.10 10.47 156.20 166.67 OK
r-devel-linux-x86_64-debian-gcc 0.9.10 8.37 114.73 123.10 OK
r-devel-linux-x86_64-fedora-clang 0.9.10 210.65 OK
r-devel-linux-x86_64-fedora-gcc 0.9.10 200.22 OK
r-devel-windows-x86_64-new-UL 0.9.10 43.00 167.00 210.00 OK
r-devel-windows-x86_64-new-TK 0.9.10 ERROR
r-patched-linux-x86_64 0.9.10 10.42 139.17 149.59 OK
r-release-linux-x86_64 0.9.10 9.35 141.89 151.24 OK
r-release-macos-arm64 0.9.10 OK
r-release-macos-x86_64 0.9.10 OK
r-release-windows-ix86+x86_64 0.9.10 27.00 171.00 198.00 OK
r-oldrel-macos-x86_64 0.9.10 OK
r-oldrel-windows-ix86+x86_64 0.9.10 26.00 178.00 204.00 OK

Check Details

Version: 0.9.10
Check: package dependencies
Result: ERROR
    Package required but not available: 'nloptr'
    
    See section 'The DESCRIPTION file' in the 'Writing R Extensions'
    manual.
Flavor: r-devel-windows-x86_64-new-TK