CRAN Package Check Results for Package gcite

Last updated on 2021-12-04 22:59:34 CET.

Flavor Version Tinstall Tcheck Ttotal Status Flags
r-devel-linux-x86_64-debian-clang 0.10.1 4.31 44.83 49.14 NOTE
r-devel-linux-x86_64-debian-gcc 0.10.1 3.16 35.53 38.69 NOTE
r-devel-linux-x86_64-fedora-clang 0.10.1 60.68 NOTE
r-devel-linux-x86_64-fedora-gcc 0.10.1 49.07 NOTE
r-devel-windows-x86_64-new-UL 0.10.1 10.00 81.00 91.00 NOTE
r-devel-windows-x86_64-new-TK 0.10.1 NOTE
r-devel-windows-x86_64-old 0.10.1 8.00 44.00 52.00 NOTE
r-patched-linux-x86_64 0.10.1 6.52 35.29 41.81 NOTE
r-release-linux-x86_64 0.10.1 3.89 34.91 38.80 NOTE
r-release-macos-arm64 0.10.1 NOTE
r-release-macos-x86_64 0.10.1 NOTE
r-release-windows-ix86+x86_64 0.10.1 10.00 60.00 70.00 NOTE
r-oldrel-macos-x86_64 0.10.1 OK
r-oldrel-windows-ix86+x86_64 0.10.1 10.00 62.00 72.00 OK

Check Details

Version: 0.10.1
Check: LazyData
Result: NOTE
     'LazyData' is specified without a 'data' directory
Flavors: r-devel-linux-x86_64-debian-clang, r-devel-linux-x86_64-debian-gcc, r-devel-linux-x86_64-fedora-clang, r-devel-linux-x86_64-fedora-gcc, r-devel-windows-x86_64-new-UL, r-devel-windows-x86_64-new-TK, r-devel-windows-x86_64-old, r-patched-linux-x86_64, r-release-linux-x86_64, r-release-macos-arm64, r-release-macos-x86_64, r-release-windows-ix86+x86_64