CRAN Package Check Results for Package geckor

Last updated on 2021-12-02 22:55:53 CET.

Flavor Version Tinstall Tcheck Ttotal Status Flags
r-devel-linux-x86_64-debian-clang 0.2.0 3.24 68.07 71.31 OK
r-devel-linux-x86_64-debian-gcc 0.2.0 2.47 52.69 55.16 OK
r-devel-linux-x86_64-fedora-clang 0.2.0 95.63 NOTE
r-devel-linux-x86_64-fedora-gcc 0.2.0 83.85 NOTE
r-devel-windows-x86_64-new-UL 0.2.0 10.00 317.00 327.00 OK
r-devel-windows-x86_64-new-TK 0.2.0 NOTE
r-devel-windows-x86_64-old 0.2.0 7.00 261.00 268.00 OK
r-patched-linux-x86_64 0.2.0 2.76 67.38 70.14 OK
r-patched-solaris-x86 0.2.0 100.80 NOTE
r-release-linux-x86_64 0.2.0 2.53 69.29 71.82 OK
r-release-macos-arm64 0.2.0 NOTE
r-release-macos-x86_64 0.2.0 NOTE
r-release-windows-ix86+x86_64 0.2.0 7.00 288.00 295.00 OK
r-oldrel-macos-x86_64 0.2.0 NOTE
r-oldrel-windows-ix86+x86_64 0.2.0 7.00 292.00 299.00 OK

Check Details

Version: 0.2.0
Check: dependencies in R code
Result: NOTE
    Namespaces in Imports field not imported from:
     ‘knitr’ ‘lifecycle’
     All declared Imports should be used.
Flavors: r-devel-linux-x86_64-fedora-clang, r-devel-linux-x86_64-fedora-gcc, r-devel-windows-x86_64-new-TK, r-patched-solaris-x86, r-release-macos-arm64, r-release-macos-x86_64, r-oldrel-macos-x86_64