Last updated on 2023-03-29 23:09:03 CEST.
Flavor | Version | Tinstall | Tcheck | Ttotal | Status | Flags |
---|---|---|---|---|---|---|
r-devel-linux-x86_64-debian-clang | 0.4.0 | 14.14 | 166.84 | 180.98 | OK | |
r-devel-linux-x86_64-debian-gcc | 0.4.0 | 10.78 | 126.16 | 136.94 | OK | |
r-devel-linux-x86_64-fedora-clang | 0.4.0 | 229.88 | NOTE | |||
r-devel-linux-x86_64-fedora-gcc | 0.4.0 | 245.34 | NOTE | |||
r-devel-windows-x86_64 | 0.4.0 | 32.00 | 186.00 | 218.00 | OK | |
r-patched-linux-x86_64 | 0.4.0 | 12.42 | 154.62 | 167.04 | OK | |
r-release-linux-x86_64 | 0.4.0 | 10.01 | 157.70 | 167.71 | OK | |
r-release-macos-arm64 | 0.4.0 | 37.00 | NOTE | |||
r-release-macos-x86_64 | 0.4.0 | 69.00 | NOTE | |||
r-release-windows-x86_64 | 0.4.0 | 35.00 | 184.00 | 219.00 | OK | |
r-oldrel-macos-arm64 | 0.4.0 | 42.00 | NOTE | |||
r-oldrel-macos-x86_64 | 0.4.0 | 71.00 | NOTE | |||
r-oldrel-windows-ix86+x86_64 | 0.4.0 | 38.00 | 191.00 | 229.00 | OK |
Version: 0.4.0
Check: dependencies in R code
Result: NOTE
Namespaces in Imports field not imported from:
‘GGEBiplots’ ‘calibrate’ ‘graphics’ ‘matrixStats’ ‘prettydoc’
‘reshape2’
All declared Imports should be used.
Flavors: r-devel-linux-x86_64-fedora-clang, r-devel-linux-x86_64-fedora-gcc, r-release-macos-arm64, r-release-macos-x86_64, r-oldrel-macos-arm64, r-oldrel-macos-x86_64