CRAN Package Check Results for Package genio

Last updated on 2021-12-02 22:55:53 CET.

Flavor Version Tinstall Tcheck Ttotal Status Flags
r-devel-linux-x86_64-debian-clang 1.0.25 30.63 58.81 89.44 OK
r-devel-linux-x86_64-debian-gcc 1.0.25 21.74 44.93 66.67 OK
r-devel-linux-x86_64-fedora-clang 1.0.25 135.47 OK
r-devel-linux-x86_64-fedora-gcc 1.0.25 111.79 OK
r-devel-windows-x86_64-new-UL 1.0.25 50.00 140.00 190.00 OK
r-devel-windows-x86_64-new-TK 1.0.25 OK
r-devel-windows-x86_64-old 1.0.25 43.00 79.00 122.00 OK
r-patched-linux-x86_64 1.0.25 26.23 45.00 71.23 OK
r-patched-solaris-x86 1.0.25 111.80 OK
r-release-linux-x86_64 1.0.25 26.20 45.50 71.70 OK
r-release-macos-arm64 1.0.25 NOTE
r-release-macos-x86_64 1.0.25 OK
r-release-windows-ix86+x86_64 1.0.25 79.00 112.00 191.00 OK
r-oldrel-macos-x86_64 1.0.25 OK
r-oldrel-windows-ix86+x86_64 1.0.25 78.00 109.00 187.00 OK

Check Details

Version: 1.0.25
Check: package dependencies
Result: NOTE
    Package suggested but not available for checking: ‘snpStats’
Flavor: r-release-macos-arm64