CRAN Package Check Results for Package genotypeR

Last updated on 2022-01-25 22:56:57 CET.

Flavor Version Tinstall Tcheck Ttotal Status Flags
r-devel-linux-x86_64-debian-clang 0.0.1.8 14.07 127.86 141.93 NOTE
r-devel-linux-x86_64-debian-gcc 0.0.1.8 10.27 92.86 103.13 NOTE
r-devel-linux-x86_64-fedora-clang 0.0.1.8 157.75 NOTE
r-devel-linux-x86_64-fedora-gcc 0.0.1.8 149.30 NOTE
r-devel-windows-x86_64-new-UL 0.0.1.8 168.00 153.00 321.00 NOTE
r-devel-windows-x86_64-new-TK 0.0.1.8 ERROR
r-patched-linux-x86_64 0.0.1.8 8.08 111.74 119.82 NOTE
r-release-linux-x86_64 0.0.1.8 7.40 110.66 118.06 NOTE
r-release-macos-arm64 0.0.1.8 NOTE
r-release-macos-x86_64 0.0.1.8 NOTE
r-release-windows-ix86+x86_64 0.0.1.8 27.00 134.00 161.00 NOTE
r-oldrel-macos-x86_64 0.0.1.8 NOTE
r-oldrel-windows-ix86+x86_64 0.0.1.8 27.00 137.00 164.00 NOTE

Check Details

Version: 0.0.1.8
Check: package vignettes
Result: NOTE
    Package vignette with placeholder title 'Vignette Title':
     'genotypeR.Rmd'
Flavors: r-devel-linux-x86_64-debian-clang, r-devel-linux-x86_64-debian-gcc, r-devel-windows-x86_64-new-UL, r-patched-linux-x86_64, r-release-linux-x86_64, r-release-windows-ix86+x86_64, r-oldrel-windows-ix86+x86_64

Version: 0.0.1.8
Check: for non-standard things in the check directory
Result: NOTE
    Found the following files/directories:
     'test.csv' 'test_temp_cross.csv'
Flavors: r-devel-linux-x86_64-debian-clang, r-devel-linux-x86_64-debian-gcc, r-devel-linux-x86_64-fedora-clang, r-devel-linux-x86_64-fedora-gcc, r-patched-linux-x86_64, r-release-linux-x86_64

Version: 0.0.1.8
Check: dependencies in R code
Result: NOTE
    Namespace in Imports field not imported from: ‘colorspace’
     All declared Imports should be used.
Flavors: r-devel-linux-x86_64-fedora-clang, r-devel-linux-x86_64-fedora-gcc, r-release-macos-arm64, r-release-macos-x86_64, r-oldrel-macos-x86_64

Version: 0.0.1.8
Check: package dependencies
Result: ERROR
    Package required but not available: 'doBy'
    
    See section 'The DESCRIPTION file' in the 'Writing R Extensions'
    manual.
Flavor: r-devel-windows-x86_64-new-TK