CRAN Package Check Results for Package geocmeans

Last updated on 2021-12-02 22:55:53 CET.

Flavor Version Tinstall Tcheck Ttotal Status Flags
r-devel-linux-x86_64-debian-clang 0.2.0 124.47 645.94 770.41 OK
r-devel-linux-x86_64-debian-gcc 0.2.0 98.97 442.19 541.16 OK
r-devel-linux-x86_64-fedora-clang 0.2.0 948.35 NOTE
r-devel-linux-x86_64-fedora-gcc 0.2.0 886.77 NOTE
r-devel-windows-x86_64-new-UL 0.2.0 179.00 725.00 904.00 NOTE
r-devel-windows-x86_64-new-TK 0.2.0 NOTE
r-devel-windows-x86_64-old 0.2.0 177.00 519.00 696.00 NOTE
r-patched-linux-x86_64 0.2.0 113.50 619.71 733.21 OK
r-patched-solaris-x86 0.2.0 1162.20 NOTE
r-release-linux-x86_64 0.2.0 114.93 629.94 744.87 OK
r-release-macos-arm64 0.2.0 NOTE
r-release-macos-x86_64 0.2.0 NOTE
r-release-windows-ix86+x86_64 0.2.0 326.00 966.00 1292.00 NOTE
r-oldrel-macos-x86_64 0.2.0 NOTE
r-oldrel-windows-ix86+x86_64 0.2.0 330.00 995.00 1325.00 NOTE

Check Details

Version: 0.2.0
Check: installed package size
Result: NOTE
     installed size is 8.9Mb
     sub-directories of 1Mb or more:
     data 2.3Mb
     doc 1.9Mb
     libs 3.5Mb
Flavors: r-devel-linux-x86_64-fedora-clang, r-devel-windows-x86_64-new-UL, r-devel-windows-x86_64-old, r-patched-solaris-x86, r-release-macos-arm64, r-release-macos-x86_64, r-release-windows-ix86+x86_64, r-oldrel-macos-x86_64, r-oldrel-windows-ix86+x86_64

Version: 0.2.0
Check: dependencies in R code
Result: NOTE
    Namespace in Imports field not imported from: ‘rgdal’
     All declared Imports should be used.
Flavors: r-devel-linux-x86_64-fedora-clang, r-devel-linux-x86_64-fedora-gcc, r-devel-windows-x86_64-new-TK, r-patched-solaris-x86, r-release-macos-arm64, r-release-macos-x86_64, r-oldrel-macos-x86_64