CRAN Package Check Results for Package geodist

Last updated on 2021-12-07 22:59:31 CET.

Flavor Version Tinstall Tcheck Ttotal Status Flags
r-devel-linux-x86_64-debian-clang 0.0.7 5.93 34.31 40.24 NOTE
r-devel-linux-x86_64-debian-gcc 0.0.7 4.66 27.22 31.88 NOTE
r-devel-linux-x86_64-fedora-clang 0.0.7 51.24 NOTE
r-devel-linux-x86_64-fedora-gcc 0.0.7 40.40 NOTE
r-devel-windows-x86_64-new-UL 0.0.7 21.00 69.00 90.00 NOTE
r-devel-windows-x86_64-new-TK 0.0.7 NOTE
r-devel-windows-x86_64-old 0.0.7 13.00 49.00 62.00 NOTE
r-patched-linux-x86_64 0.0.7 5.46 32.62 38.08 NOTE
r-release-linux-x86_64 0.0.7 5.62 33.07 38.69 NOTE
r-release-macos-arm64 0.0.7 NOTE
r-release-macos-x86_64 0.0.7 NOTE
r-release-windows-ix86+x86_64 0.0.7 21.00 56.00 77.00 NOTE
r-oldrel-macos-x86_64 0.0.7 OK
r-oldrel-windows-ix86+x86_64 0.0.7 32.00 54.00 86.00 OK

Check Details

Version: 0.0.7
Check: LazyData
Result: NOTE
     'LazyData' is specified without a 'data' directory
Flavors: r-devel-linux-x86_64-debian-clang, r-devel-linux-x86_64-debian-gcc, r-devel-linux-x86_64-fedora-clang, r-devel-linux-x86_64-fedora-gcc, r-devel-windows-x86_64-new-UL, r-devel-windows-x86_64-new-TK, r-devel-windows-x86_64-old, r-patched-linux-x86_64, r-release-linux-x86_64, r-release-macos-arm64, r-release-macos-x86_64, r-release-windows-ix86+x86_64