CRAN Package Check Results for Package geofi

Last updated on 2022-01-23 22:49:41 CET.

Flavor Version Tinstall Tcheck Ttotal Status Flags
r-devel-linux-x86_64-debian-clang 1.0.5 8.58 172.23 180.81 OK
r-devel-linux-x86_64-debian-gcc 1.0.5 6.73 135.20 141.93 OK
r-devel-linux-x86_64-fedora-clang 1.0.5 222.18 NOTE
r-devel-linux-x86_64-fedora-gcc 1.0.5 207.24 NOTE
r-devel-windows-x86_64-new-UL 1.0.5 61.00 265.00 326.00 OK
r-devel-windows-x86_64-new-TK 1.0.5 NOTE
r-patched-linux-x86_64 1.0.5 7.99 165.58 173.57 OK
r-release-linux-x86_64 1.0.5 7.81 165.48 173.29 OK
r-release-macos-arm64 1.0.5 NOTE
r-release-macos-x86_64 1.0.5 NOTE
r-release-windows-ix86+x86_64 1.0.5 20.00 273.00 293.00 OK
r-oldrel-macos-x86_64 1.0.5 NOTE
r-oldrel-windows-ix86+x86_64 1.0.5 20.00 249.00 269.00 OK

Check Details

Version: 1.0.5
Check: data for non-ASCII characters
Result: NOTE
     Note: found 67497 marked UTF-8 strings
Flavors: r-devel-linux-x86_64-fedora-clang, r-devel-linux-x86_64-fedora-gcc, r-devel-windows-x86_64-new-TK, r-release-macos-arm64, r-release-macos-x86_64, r-oldrel-macos-x86_64