CRAN Package Check Results for Package geogrid

Last updated on 2022-05-24 22:50:07 CEST.

Flavor Version Tinstall Tcheck Ttotal Status Flags
r-devel-linux-x86_64-debian-clang 0.1.1 25.77 105.57 131.34 NOTE
r-devel-linux-x86_64-debian-gcc 0.1.1 24.78 79.43 104.21 NOTE
r-devel-linux-x86_64-fedora-clang 0.1.1 172.64 NOTE
r-devel-linux-x86_64-fedora-gcc 0.1.1 165.31 NOTE
r-devel-windows-x86_64 0.1.1 47.00 135.00 182.00 NOTE
r-patched-linux-x86_64 0.1.1 29.28 101.87 131.15 NOTE
r-release-linux-x86_64 0.1.1 NOTE
r-release-macos-arm64 0.1.1 44.00 NOTE
r-release-macos-x86_64 0.1.1 66.00 NOTE
r-release-windows-x86_64 0.1.1 40.00 140.00 180.00 NOTE
r-oldrel-macos-arm64 0.1.1 54.00 NOTE
r-oldrel-macos-x86_64 0.1.1 86.00 NOTE
r-oldrel-windows-ix86+x86_64 0.1.1 88.00 183.00 271.00 NOTE

Check Details

Version: 0.1.1
Check: LazyData
Result: NOTE
     'LazyData' is specified without a 'data' directory
Flavors: r-devel-linux-x86_64-debian-clang, r-devel-linux-x86_64-debian-gcc, r-devel-linux-x86_64-fedora-clang, r-devel-linux-x86_64-fedora-gcc, r-devel-windows-x86_64, r-patched-linux-x86_64, r-release-linux-x86_64, r-release-macos-arm64, r-release-macos-x86_64, r-release-windows-x86_64, r-oldrel-macos-arm64, r-oldrel-macos-x86_64, r-oldrel-windows-ix86+x86_64

Version: 0.1.1
Check: installed package size
Result: NOTE
     installed size is 5.2Mb
     sub-directories of 1Mb or more:
     extdata 3.1Mb
     libs 2.0Mb
Flavor: r-oldrel-windows-ix86+x86_64