Last updated on 2022-05-21 22:58:14 CEST.
Flavor | Version | Tinstall | Tcheck | Ttotal | Status | Flags |
---|---|---|---|---|---|---|
r-devel-linux-x86_64-debian-clang | 0.6-6 | 253.52 | 336.38 | 589.90 | OK | |
r-devel-linux-x86_64-debian-gcc | 0.6-6 | 192.75 | 249.67 | 442.42 | OK | |
r-devel-linux-x86_64-fedora-clang | 0.6-6 | 701.73 | NOTE | |||
r-devel-linux-x86_64-fedora-gcc | 0.6-6 | 763.93 | OK | |||
r-devel-windows-x86_64 | 0.6-6 | 477.00 | 443.00 | 920.00 | NOTE | |
r-patched-linux-x86_64 | 0.6-6 | 226.39 | 317.33 | 543.72 | OK | |
r-release-linux-x86_64 | 0.6-6 | 205.17 | 317.75 | 522.92 | OK | |
r-release-macos-arm64 | 0.6-6 | 209.00 | NOTE | |||
r-release-macos-x86_64 | 0.6-6 | 283.00 | NOTE | |||
r-release-windows-x86_64 | 0.6-6 | 465.00 | 463.00 | 928.00 | NOTE | |
r-oldrel-macos-arm64 | 0.6-6 | 201.00 | NOTE | |||
r-oldrel-macos-x86_64 | 0.6-6 | 272.00 | NOTE | |||
r-oldrel-windows-ix86+x86_64 | 0.6-6 | 376.00 | 429.00 | 805.00 | NOTE |
Version: 0.6-6
Check: installed package size
Result: NOTE
installed size is 11.7Mb
sub-directories of 1Mb or more:
R 9.0Mb
extdata 1.7Mb
Flavors: r-devel-linux-x86_64-fedora-clang, r-devel-windows-x86_64, r-release-macos-arm64, r-release-macos-x86_64, r-release-windows-x86_64, r-oldrel-macos-arm64, r-oldrel-macos-x86_64, r-oldrel-windows-ix86+x86_64