CRAN Package Check Results for Package geostan

Last updated on 2022-09-25 22:53:55 CEST.

Flavor Version Tinstall Tcheck Ttotal Status Flags
r-devel-linux-x86_64-debian-clang 0.4.0 228.40 388.40 616.80 NOTE
r-devel-linux-x86_64-debian-gcc 0.4.0 194.79 289.13 483.92 NOTE
r-devel-linux-x86_64-fedora-clang 0.4.0 700.47 NOTE
r-devel-linux-x86_64-fedora-gcc 0.4.0 388.66 NOTE
r-devel-windows-x86_64 0.3.0 168.00 448.00 616.00 NOTE
r-patched-linux-x86_64 0.4.0 131.01 355.29 486.30 NOTE
r-release-linux-x86_64 0.4.0 133.20 375.94 509.14 NOTE
r-release-macos-arm64 0.4.0 179.00 NOTE
r-release-macos-x86_64 0.4.0 294.00 NOTE
r-release-windows-x86_64 0.4.0 234.00 355.00 589.00 NOTE
r-oldrel-macos-arm64 0.4.0 185.00 NOTE
r-oldrel-macos-x86_64 0.4.0 301.00 NOTE
r-oldrel-windows-ix86+x86_64 0.4.0 281.00 514.00 795.00 NOTE

Check Details

Version: 0.4.0
Check: for GNU extensions in Makefiles
Result: NOTE
    GNU make is a SystemRequirements.
Flavors: r-devel-linux-x86_64-debian-clang, r-devel-linux-x86_64-debian-gcc, r-devel-linux-x86_64-fedora-clang, r-devel-linux-x86_64-fedora-gcc, r-patched-linux-x86_64, r-release-linux-x86_64, r-release-macos-arm64, r-release-macos-x86_64, r-release-windows-x86_64, r-oldrel-macos-arm64, r-oldrel-macos-x86_64, r-oldrel-windows-ix86+x86_64

Version: 0.4.0
Check: dependencies in R code
Result: NOTE
    Namespaces in Imports field not imported from:
     ‘RcppParallel’ ‘rstantools’
     All declared Imports should be used.
Flavors: r-devel-linux-x86_64-fedora-clang, r-devel-linux-x86_64-fedora-gcc, r-release-macos-arm64, r-release-macos-x86_64, r-oldrel-macos-arm64, r-oldrel-macos-x86_64

Version: 0.4.0
Check: Rd cross-references
Result: NOTE
    Undeclared package ‘loo’ in Rd xrefs
Flavor: r-devel-linux-x86_64-fedora-clang

Version: 0.3.0
Check: for GNU extensions in Makefiles
Result: NOTE
    GNU make is a SystemRequirements.
Flavor: r-devel-windows-x86_64

Version: 0.4.0
Check: installed package size
Result: NOTE
     installed size is 49.9Mb
     sub-directories of 1Mb or more:
     libs 48.4Mb
Flavors: r-release-macos-arm64, r-release-macos-x86_64, r-oldrel-macos-arm64, r-oldrel-macos-x86_64, r-oldrel-windows-ix86+x86_64