CRAN Package Check Results for Package gesso

Last updated on 2022-01-28 23:00:36 CET.

Flavor Version Tinstall Tcheck Ttotal Status Flags
r-devel-linux-x86_64-debian-clang 1.0.2 156.57 211.58 368.15 OK
r-devel-linux-x86_64-debian-gcc 1.0.2 139.43 163.42 302.85 OK
r-devel-linux-x86_64-fedora-clang 1.0.2 520.58 NOTE
r-devel-linux-x86_64-fedora-gcc 1.0.2 514.34 OK
r-devel-windows-x86_64-new-UL 1.0.2 166.00 211.00 377.00 WARN
r-devel-windows-x86_64-new-TK 1.0.2 OK
r-patched-linux-x86_64 1.0.2 162.32 198.24 360.56 OK
r-release-linux-x86_64 1.0.2 155.93 201.23 357.16 OK
r-release-macos-arm64 1.0.2 NOTE
r-release-macos-x86_64 1.0.2 NOTE
r-release-windows-ix86+x86_64 1.0.2 326.00 261.00 587.00 OK
r-oldrel-macos-x86_64 1.0.2 NOTE
r-oldrel-windows-ix86+x86_64 1.0.2 327.00 258.00 585.00 OK

Check Details

Version: 1.0.2
Check: installed package size
Result: NOTE
     installed size is 33.6Mb
     sub-directories of 1Mb or more:
     libs 33.2Mb
Flavors: r-devel-linux-x86_64-fedora-clang, r-release-macos-arm64, r-release-macos-x86_64, r-oldrel-macos-x86_64

Version: 1.0.2
Check: whether package can be installed
Result: WARN
    Found the following significant warnings:
     D:/RCompile/CRANpkg/lib/4.2/RcppThread/include/RcppThread/quickpool.hpp:719:31: warning: 'new' of type 'quickpool::ThreadPool' with extended alignment 64 [-Waligned-new=]
     D:/RCompile/CRANpkg/lib/4.2/RcppThread/include/RcppThread/ThreadPool.hpp:92:27: warning: 'new' of type 'RcppThread::ThreadPool' with extended alignment 64 [-Waligned-new=]
Flavor: r-devel-windows-x86_64-new-UL