Last updated on 2023-06-03 22:56:42 CEST.
Flavor | Version | Tinstall | Tcheck | Ttotal | Status | Flags |
---|---|---|---|---|---|---|
r-devel-linux-x86_64-debian-clang | 1.0-1 | 5.06 | 46.10 | 51.16 | NOTE | |
r-devel-linux-x86_64-debian-gcc | 1.0-1 | 4.13 | 34.98 | 39.11 | NOTE | |
r-devel-linux-x86_64-fedora-clang | 1.0-1 | 65.66 | NOTE | |||
r-devel-linux-x86_64-fedora-gcc | 1.0-1 | 72.40 | NOTE | |||
r-devel-windows-x86_64 | 1.0-1 | 9.00 | 56.00 | 65.00 | NOTE | |
r-patched-linux-x86_64 | 1.0-1 | NOTE | ||||
r-release-linux-x86_64 | 1.0-1 | 4.27 | 44.69 | 48.96 | NOTE | |
r-release-macos-arm64 | 1.0-1 | 32.00 | NOTE | |||
r-release-macos-x86_64 | 1.0-1 | 47.00 | NOTE | |||
r-release-windows-x86_64 | 1.0-1 | 7.00 | 60.00 | 67.00 | NOTE | |
r-oldrel-macos-arm64 | 1.0-1 | 41.00 | OK | |||
r-oldrel-macos-x86_64 | 1.0-1 | 44.00 | OK | |||
r-oldrel-windows-x86_64 | 1.0-1 | 6.00 | 62.00 | 68.00 | OK |
Version: 1.0-1
Check: Rd files
Result: NOTE
checkRd: (-1) gexp.Rd:123: Escaped LaTeX specials: \&
Flavors: r-devel-linux-x86_64-debian-clang, r-devel-linux-x86_64-debian-gcc, r-devel-linux-x86_64-fedora-clang, r-devel-linux-x86_64-fedora-gcc, r-devel-windows-x86_64, r-patched-linux-x86_64, r-release-linux-x86_64, r-release-macos-arm64, r-release-macos-x86_64, r-release-windows-x86_64