CRAN Package Check Results for Package gg.gap

Last updated on 2022-01-15 23:00:27 CET.

Flavor Version Tinstall Tcheck Ttotal Status Flags
r-devel-linux-x86_64-debian-clang 1.3 4.02 55.55 59.57 NOTE
r-devel-linux-x86_64-debian-gcc 1.3 3.88 42.82 46.70 NOTE
r-devel-linux-x86_64-fedora-clang 1.3 74.71 NOTE
r-devel-linux-x86_64-fedora-gcc 1.3 61.53 NOTE
r-devel-windows-x86_64-new-UL 1.3 16.00 75.00 91.00 NOTE
r-devel-windows-x86_64-new-TK 1.3 NOTE
r-patched-linux-x86_64 1.3 3.72 52.71 56.43 NOTE
r-release-linux-x86_64 1.3 2.99 52.73 55.72 NOTE
r-release-macos-arm64 1.3 NOTE
r-release-macos-x86_64 1.3 NOTE
r-release-windows-ix86+x86_64 1.3 12.00 65.00 77.00 NOTE
r-oldrel-macos-x86_64 1.3 OK
r-oldrel-windows-ix86+x86_64 1.3 14.00 66.00 80.00 OK

Check Details

Version: 1.3
Check: LazyData
Result: NOTE
     'LazyData' is specified without a 'data' directory
Flavors: r-devel-linux-x86_64-debian-clang, r-devel-linux-x86_64-debian-gcc, r-devel-linux-x86_64-fedora-clang, r-devel-linux-x86_64-fedora-gcc, r-devel-windows-x86_64-new-UL, r-devel-windows-x86_64-new-TK, r-patched-linux-x86_64, r-release-linux-x86_64, r-release-macos-arm64, r-release-macos-x86_64, r-release-windows-ix86+x86_64