CRAN Package Check Results for Package ggHoriPlot

Last updated on 2024-02-20 23:53:55 CET.

Flavor Version Tinstall Tcheck Ttotal Status Flags
r-devel-linux-x86_64-debian-clang 1.0.1 OK
r-devel-linux-x86_64-debian-gcc 1.0.1 6.42 144.07 150.49 OK
r-devel-linux-x86_64-fedora-clang 1.0.1 237.93 NOTE
r-devel-linux-x86_64-fedora-gcc 1.0.1 261.06 OK
r-devel-windows-x86_64 1.0.1 8.00 146.00 154.00 OK
r-patched-linux-x86_64 1.0.1 7.37 187.06 194.43 OK
r-release-linux-x86_64 1.0.1 4.79 186.16 190.95 OK
r-release-macos-arm64 1.0.1 78.00 OK
r-release-macos-x86_64 1.0.1 125.00 OK
r-release-windows-x86_64 1.0.1 10.00 188.00 198.00 OK
r-oldrel-macos-arm64 1.0.1 102.00 OK
r-oldrel-windows-x86_64 1.0.1 10.00 194.00 204.00 OK

Check Details

Version: 1.0.1
Check: Rd cross-references
Result: NOTE Undeclared package ‘rlang’ in Rd xrefs Flavor: r-devel-linux-x86_64-fedora-clang