CRAN Package Check Results for Package ggRandomForests

Last updated on 2022-01-27 23:01:03 CET.

Flavor Version Tinstall Tcheck Ttotal Status Flags
r-devel-linux-x86_64-debian-clang 2.0.1 14.43 125.61 140.04 OK
r-devel-linux-x86_64-debian-gcc 2.0.1 12.49 91.74 104.23 OK
r-devel-linux-x86_64-fedora-clang 2.0.1 170.11 NOTE
r-devel-linux-x86_64-fedora-gcc 2.0.1 151.05 NOTE
r-devel-windows-x86_64-new-UL 2.0.1 152.00 147.00 299.00 OK
r-devel-windows-x86_64-new-TK 2.0.1 NOTE
r-patched-linux-x86_64 2.0.1 13.09 110.58 123.67 OK
r-release-linux-x86_64 2.0.1 8.80 110.57 119.37 OK
r-release-macos-arm64 2.0.1 NOTE
r-release-macos-x86_64 2.0.1 NOTE
r-release-windows-ix86+x86_64 2.0.1 30.00 132.00 162.00 OK
r-oldrel-macos-x86_64 2.0.1 NOTE
r-oldrel-windows-ix86+x86_64 2.0.1 30.00 132.00 162.00 OK

Check Details

Version: 2.0.1
Check: dependencies in R code
Result: NOTE
    Namespace in Imports field not imported from: ‘randomForest’
     All declared Imports should be used.
Flavors: r-devel-linux-x86_64-fedora-clang, r-devel-linux-x86_64-fedora-gcc, r-devel-windows-x86_64-new-TK, r-release-macos-arm64, r-release-macos-x86_64, r-oldrel-macos-x86_64