CRAN Package Check Results for Package ggamma

Last updated on 2022-05-15 22:51:38 CEST.

Flavor Version Tinstall Tcheck Ttotal Status Flags
r-devel-linux-x86_64-debian-clang 1.0.1 2.09 36.75 38.84 NOTE
r-devel-linux-x86_64-debian-gcc 1.0.1 1.57 27.75 29.32 NOTE
r-devel-linux-x86_64-fedora-clang 1.0.1 49.00 NOTE
r-devel-linux-x86_64-fedora-gcc 1.0.1 46.52 NOTE
r-devel-windows-x86_64 1.0.1 7.00 57.00 64.00 NOTE
r-patched-linux-x86_64 1.0.1 1.88 35.02 36.90 NOTE
r-release-linux-x86_64 1.0.1 1.64 34.93 36.57 NOTE
r-release-macos-arm64 1.0.1 19.00 NOTE
r-release-macos-x86_64 1.0.1 23.00 NOTE
r-release-windows-x86_64 1.0.1 7.00 59.00 66.00 NOTE
r-oldrel-macos-arm64 1.0.1 21.00 NOTE
r-oldrel-macos-x86_64 1.0.1 31.00 NOTE
r-oldrel-windows-ix86+x86_64 1.0.1 5.00 49.00 54.00 NOTE

Check Details

Version: 1.0.1
Check: LazyData
Result: NOTE
     'LazyData' is specified without a 'data' directory
Flavors: r-devel-linux-x86_64-debian-clang, r-devel-linux-x86_64-debian-gcc, r-devel-linux-x86_64-fedora-clang, r-devel-linux-x86_64-fedora-gcc, r-devel-windows-x86_64, r-patched-linux-x86_64, r-release-linux-x86_64, r-release-macos-arm64, r-release-macos-x86_64, r-release-windows-x86_64, r-oldrel-macos-arm64, r-oldrel-macos-x86_64, r-oldrel-windows-ix86+x86_64