CRAN Package Check Results for Package ggcorrplot

Last updated on 2021-11-28 22:51:15 CET.

Flavor Version Tinstall Tcheck Ttotal Status Flags
r-devel-linux-x86_64-debian-clang 0.1.3 NOTE
r-devel-linux-x86_64-debian-gcc 0.1.3 3.10 35.68 38.78 NOTE
r-devel-linux-x86_64-fedora-clang 0.1.3 73.98 NOTE
r-devel-linux-x86_64-fedora-gcc 0.1.3 59.58 NOTE
r-devel-windows-x86_64-new-UL 0.1.3 11.00 87.00 98.00 NOTE
r-devel-windows-x86_64-new-TK 0.1.3 NOTE
r-devel-windows-x86_64-old 0.1.3 7.00 69.00 76.00 NOTE
r-patched-linux-x86_64 0.1.3 3.45 43.23 46.68 NOTE
r-patched-solaris-x86 0.1.3 87.20 NOTE
r-release-linux-x86_64 0.1.3 4.38 43.34 47.72 NOTE
r-release-macos-arm64 0.1.3 NOTE
r-release-macos-x86_64 0.1.3 NOTE
r-release-windows-ix86+x86_64 0.1.3 13.00 49.00 62.00 NOTE
r-oldrel-macos-x86_64 0.1.3 OK
r-oldrel-windows-ix86+x86_64 0.1.3 13.00 62.00 75.00 OK

Check Details

Version: 0.1.3
Check: LazyData
Result: NOTE
     'LazyData' is specified without a 'data' directory
Flavors: r-devel-linux-x86_64-debian-clang, r-devel-linux-x86_64-debian-gcc, r-devel-linux-x86_64-fedora-clang, r-devel-linux-x86_64-fedora-gcc, r-devel-windows-x86_64-new-UL, r-devel-windows-x86_64-new-TK, r-devel-windows-x86_64-old, r-patched-linux-x86_64, r-patched-solaris-x86, r-release-linux-x86_64, r-release-macos-arm64, r-release-macos-x86_64, r-release-windows-ix86+x86_64