Last updated on 2022-05-19 22:54:10 CEST.
Flavor | Version | Tinstall | Tcheck | Ttotal | Status | Flags |
---|---|---|---|---|---|---|
r-devel-linux-x86_64-debian-clang | 1.0.1 | 4.89 | 193.16 | 198.05 | OK | |
r-devel-linux-x86_64-debian-gcc | 1.0.1 | 3.50 | 144.93 | 148.43 | OK | |
r-devel-linux-x86_64-fedora-clang | 1.0.1 | 230.74 | NOTE | |||
r-devel-linux-x86_64-fedora-gcc | 1.0.1 | 229.90 | NOTE | |||
r-devel-windows-x86_64 | 1.0.1 | 36.00 | 236.00 | 272.00 | OK | |
r-patched-linux-x86_64 | 1.0.1 | 3.11 | 186.85 | 189.96 | OK | |
r-release-linux-x86_64 | 1.0.1 | 2.57 | 189.30 | 191.87 | OK | |
r-release-macos-arm64 | 1.0.1 | 99.00 | NOTE | |||
r-release-macos-x86_64 | 1.0.1 | 158.00 | NOTE | |||
r-release-windows-x86_64 | 1.0.1 | 29.00 | 233.00 | 262.00 | OK | |
r-oldrel-macos-arm64 | 1.0.1 | 123.00 | NOTE | |||
r-oldrel-macos-x86_64 | 1.0.1 | 168.00 | NOTE | |||
r-oldrel-windows-ix86+x86_64 | 1.0.1 | 10.00 | 225.00 | 235.00 | OK |
Version: 1.0.1
Check: dependencies in R code
Result: NOTE
Namespace in Imports field not imported from: ‘tibble’
All declared Imports should be used.
Flavors: r-devel-linux-x86_64-fedora-clang, r-devel-linux-x86_64-fedora-gcc, r-release-macos-arm64, r-release-macos-x86_64, r-oldrel-macos-arm64, r-oldrel-macos-x86_64
Version: 1.0.1
Check: data for non-ASCII characters
Result: NOTE
Note: found 2356 marked UTF-8 strings
Flavors: r-devel-linux-x86_64-fedora-clang, r-devel-linux-x86_64-fedora-gcc, r-release-macos-arm64, r-release-macos-x86_64, r-oldrel-macos-arm64, r-oldrel-macos-x86_64