CRAN Package Check Results for Package ggformula

Last updated on 2024-02-20 23:53:55 CET.

Flavor Version Tinstall Tcheck Ttotal Status Flags
r-devel-linux-x86_64-debian-clang 0.12.0 OK
r-devel-linux-x86_64-debian-gcc 0.12.0 17.52 203.18 220.70 OK
r-devel-linux-x86_64-fedora-clang 0.12.0 353.07 NOTE
r-devel-linux-x86_64-fedora-gcc 0.12.0 391.89 OK
r-devel-windows-x86_64 0.12.0 18.00 215.00 233.00 OK
r-patched-linux-x86_64 0.12.0 31.48 264.52 296.00 OK
r-release-linux-x86_64 0.12.0 15.87 263.97 279.84 OK
r-release-macos-arm64 0.12.0 94.00 OK
r-release-macos-x86_64 0.12.0 219.00 OK
r-release-windows-x86_64 0.12.0 26.00 282.00 308.00 OK
r-oldrel-macos-arm64 0.12.0 95.00 OK
r-oldrel-windows-x86_64 0.12.0 26.00 266.00 292.00 OK

Check Details

Version: 0.12.0
Check: Rd cross-references
Result: NOTE Undeclared packages ‘akima’, ‘ggforce’ in Rd xrefs Flavor: r-devel-linux-x86_64-fedora-clang