CRAN Package Check Results for Package ggformula

Last updated on 2021-11-29 22:59:12 CET.

Flavor Version Tinstall Tcheck Ttotal Status Flags
r-devel-linux-x86_64-debian-clang 0.10.1 22.20 281.39 303.59 OK
r-devel-linux-x86_64-debian-gcc 0.10.1 17.37 198.81 216.18 OK
r-devel-linux-x86_64-fedora-clang 0.10.1 350.61 NOTE
r-devel-linux-x86_64-fedora-gcc 0.10.1 339.75 OK
r-devel-windows-x86_64-new-UL 0.10.1 47.00 335.00 382.00 OK
r-devel-windows-x86_64-new-TK 0.10.1 OK
r-devel-windows-x86_64-old 0.10.1 33.00 221.00 254.00 OK
r-patched-linux-x86_64 0.10.1 30.52 241.21 271.73 OK
r-patched-solaris-x86 0.10.1 397.50 OK
r-release-linux-x86_64 0.10.1 19.71 244.65 264.36 OK
r-release-macos-arm64 0.10.1 OK
r-release-macos-x86_64 0.10.1 OK
r-release-windows-ix86+x86_64 0.10.1 40.00 211.00 251.00 OK
r-oldrel-macos-x86_64 0.10.1 OK
r-oldrel-windows-ix86+x86_64 0.10.1 29.00 206.00 235.00 OK

Check Details

Version: 0.10.1
Check: Rd cross-references
Result: NOTE
    Undeclared package ‘quantreg’ in Rd xrefs
Flavor: r-devel-linux-x86_64-fedora-clang