CRAN Package Check Results for Package ggfx

Last updated on 2024-02-20 23:53:55 CET.

Flavor Version Tinstall Tcheck Ttotal Status Flags
r-devel-linux-x86_64-debian-clang 1.0.1 NOTE
r-devel-linux-x86_64-debian-gcc 1.0.1 7.25 94.67 101.92 NOTE
r-devel-linux-x86_64-fedora-clang 1.0.1 184.30 OK
r-devel-linux-x86_64-fedora-gcc 1.0.1 175.99 OK
r-devel-windows-x86_64 1.0.1 10.00 109.00 119.00 OK
r-patched-linux-x86_64 1.0.1 14.01 119.29 133.30 OK
r-release-linux-x86_64 1.0.1 7.53 120.82 128.35 OK
r-release-macos-arm64 1.0.1 55.00 OK
r-release-macos-x86_64 1.0.1 92.00 OK
r-release-windows-x86_64 1.0.1 12.00 132.00 144.00 OK
r-oldrel-macos-arm64 1.0.1 41.00 OK
r-oldrel-windows-x86_64 1.0.1 12.00 140.00 152.00 OK

Check Details

Version: 1.0.1
Check: Rd files
Result: NOTE checkRd: (-1) render_context.Rd:42: Lost braces; missing escapes or markup? 42 | \item{xmin, ymin, xmax, ymax}{Boundaries of the area in pixels. {0,0} is the | ^ Flavors: r-devel-linux-x86_64-debian-clang, r-devel-linux-x86_64-debian-gcc