CRAN Package Check Results for Package gghalves

Last updated on 2021-12-08 22:57:37 CET.

Flavor Version Tinstall Tcheck Ttotal Status Flags
r-devel-linux-x86_64-debian-clang 0.1.1 6.00 67.30 73.30 NOTE
r-devel-linux-x86_64-debian-gcc 0.1.1 5.06 50.27 55.33 NOTE
r-devel-linux-x86_64-fedora-clang 0.1.1 89.58 NOTE
r-devel-linux-x86_64-fedora-gcc 0.1.1 74.72 NOTE
r-devel-windows-x86_64-new-UL 0.1.1 15.00 101.00 116.00 NOTE
r-devel-windows-x86_64-new-TK 0.1.1 NOTE
r-devel-windows-x86_64-old 0.1.1 11.00 83.00 94.00 NOTE
r-patched-linux-x86_64 0.1.1 6.77 60.28 67.05 NOTE
r-release-linux-x86_64 0.1.1 5.63 59.87 65.50 NOTE
r-release-macos-arm64 0.1.1 NOTE
r-release-macos-x86_64 0.1.1 NOTE
r-release-windows-ix86+x86_64 0.1.1 11.00 76.00 87.00 NOTE
r-oldrel-macos-x86_64 0.1.1 NOTE
r-oldrel-windows-ix86+x86_64 0.1.1 16.00 77.00 93.00 OK

Check Details

Version: 0.1.1
Check: LazyData
Result: NOTE
     'LazyData' is specified without a 'data' directory
Flavors: r-devel-linux-x86_64-debian-clang, r-devel-linux-x86_64-debian-gcc, r-devel-linux-x86_64-fedora-clang, r-devel-linux-x86_64-fedora-gcc, r-devel-windows-x86_64-new-UL, r-devel-windows-x86_64-new-TK, r-devel-windows-x86_64-old, r-patched-linux-x86_64, r-release-linux-x86_64, r-release-macos-arm64, r-release-macos-x86_64, r-release-windows-ix86+x86_64

Version: 0.1.1
Check: dependencies in R code
Result: NOTE
    Namespaces in Imports field not imported from:
     ‘grDevices’ ‘gtable’
     All declared Imports should be used.
Flavors: r-devel-linux-x86_64-fedora-clang, r-devel-linux-x86_64-fedora-gcc, r-devel-windows-x86_64-new-TK, r-release-macos-arm64, r-release-macos-x86_64, r-oldrel-macos-x86_64