CRAN Package Check Results for Package ggm

Last updated on 2021-12-04 22:59:35 CET.

Flavor Version Tinstall Tcheck Ttotal Status Flags
r-devel-linux-x86_64-debian-clang 2.5 9.01 83.10 92.11 OK
r-devel-linux-x86_64-debian-gcc 2.5 7.93 62.42 70.35 OK
r-devel-linux-x86_64-fedora-clang 2.5 111.41 NOTE
r-devel-linux-x86_64-fedora-gcc 2.5 100.13 NOTE
r-devel-windows-x86_64-new-UL 2.5 23.00 117.00 140.00 OK
r-devel-windows-x86_64-new-TK 2.5 NOTE
r-devel-windows-x86_64-old 2.5 15.00 72.00 87.00 OK
r-patched-linux-x86_64 2.5 14.30 71.08 85.38 OK
r-release-linux-x86_64 2.5 8.10 71.14 79.24 OK
r-release-macos-arm64 2.5 NOTE
r-release-macos-x86_64 2.5 NOTE
r-release-windows-ix86+x86_64 2.5 17.00 97.00 114.00 OK
r-oldrel-macos-x86_64 2.5 NOTE
r-oldrel-windows-ix86+x86_64 2.5 17.00 96.00 113.00 OK

Check Details

Version: 2.5
Check: dependencies in R code
Result: NOTE
    Namespace in Imports field not imported from: ‘graph’
     All declared Imports should be used.
Flavors: r-devel-linux-x86_64-fedora-clang, r-devel-linux-x86_64-fedora-gcc, r-devel-windows-x86_64-new-TK, r-release-macos-arm64, r-release-macos-x86_64, r-oldrel-macos-x86_64