CRAN Package Check Results for Package ggnewscale

Last updated on 2022-01-23 22:49:42 CET.

Flavor Version Tinstall Tcheck Ttotal Status Flags
r-devel-linux-x86_64-debian-clang 0.4.5 3.77 58.60 62.37 NOTE
r-devel-linux-x86_64-debian-gcc 0.4.5 3.88 49.45 53.33 NOTE
r-devel-linux-x86_64-fedora-clang 0.4.5 75.10 NOTE
r-devel-linux-x86_64-fedora-gcc 0.4.5 62.53 NOTE
r-devel-windows-x86_64-new-UL 0.4.5 28.00 75.00 103.00 NOTE
r-devel-windows-x86_64-new-TK 0.4.5 NOTE
r-patched-linux-x86_64 0.4.5 3.89 53.55 57.44 NOTE
r-release-linux-x86_64 0.4.5 3.90 52.90 56.80 NOTE
r-release-macos-arm64 0.4.5 NOTE
r-release-macos-x86_64 0.4.5 NOTE
r-release-windows-ix86+x86_64 0.4.5 12.00 65.00 77.00 NOTE
r-oldrel-macos-x86_64 0.4.5 OK
r-oldrel-windows-ix86+x86_64 0.4.5 12.00 70.00 82.00 OK

Check Details

Version: 0.4.5
Check: LazyData
Result: NOTE
     'LazyData' is specified without a 'data' directory
Flavors: r-devel-linux-x86_64-debian-clang, r-devel-linux-x86_64-debian-gcc, r-devel-linux-x86_64-fedora-clang, r-devel-linux-x86_64-fedora-gcc, r-devel-windows-x86_64-new-UL, r-devel-windows-x86_64-new-TK, r-patched-linux-x86_64, r-release-linux-x86_64, r-release-macos-arm64, r-release-macos-x86_64, r-release-windows-ix86+x86_64