CRAN Package Check Results for Package ggparty

Last updated on 2021-12-02 22:55:54 CET.

Flavor Version Tinstall Tcheck Ttotal Status Flags
r-devel-linux-x86_64-debian-clang 1.0.0 12.75 242.68 255.43 NOTE
r-devel-linux-x86_64-debian-gcc 1.0.0 9.33 170.50 179.83 NOTE
r-devel-linux-x86_64-fedora-clang 1.0.0 297.37 NOTE
r-devel-linux-x86_64-fedora-gcc 1.0.0 279.88 NOTE
r-devel-windows-x86_64-new-UL 1.0.0 21.00 305.00 326.00 NOTE
r-devel-windows-x86_64-new-TK 1.0.0 NOTE
r-devel-windows-x86_64-old 1.0.0 19.00 207.00 226.00 NOTE
r-patched-linux-x86_64 1.0.0 13.76 220.70 234.46 NOTE
r-patched-solaris-x86 1.0.0 241.40 NOTE
r-release-linux-x86_64 1.0.0 10.15 217.11 227.26 NOTE
r-release-macos-arm64 1.0.0 NOTE
r-release-macos-x86_64 1.0.0 NOTE
r-release-windows-ix86+x86_64 1.0.0 26.00 262.00 288.00 NOTE
r-oldrel-macos-x86_64 1.0.0 NOTE
r-oldrel-windows-ix86+x86_64 1.0.0 27.00 274.00 301.00 OK

Check Details

Version: 1.0.0
Check: LazyData
Result: NOTE
     'LazyData' is specified without a 'data' directory
Flavors: r-devel-linux-x86_64-debian-clang, r-devel-linux-x86_64-debian-gcc, r-devel-linux-x86_64-fedora-clang, r-devel-linux-x86_64-fedora-gcc, r-devel-windows-x86_64-new-UL, r-devel-windows-x86_64-new-TK, r-devel-windows-x86_64-old, r-patched-linux-x86_64, r-patched-solaris-x86, r-release-linux-x86_64, r-release-macos-arm64, r-release-macos-x86_64, r-release-windows-ix86+x86_64

Version: 1.0.0
Check: dependencies in R code
Result: NOTE
    Namespace in Imports field not imported from: ‘survival’
     All declared Imports should be used.
Flavors: r-devel-linux-x86_64-fedora-clang, r-devel-linux-x86_64-fedora-gcc, r-devel-windows-x86_64-new-TK, r-patched-solaris-x86, r-release-macos-arm64, r-release-macos-x86_64, r-oldrel-macos-x86_64