CRAN Package Check Results for Package ggplot2

Last updated on 2021-12-03 22:57:41 CET.

Flavor Version Tinstall Tcheck Ttotal Status Flags
r-devel-linux-x86_64-debian-clang 3.3.5 27.40 424.24 451.64 OK
r-devel-linux-x86_64-debian-gcc 3.3.5 21.68 299.65 321.33 OK
r-devel-linux-x86_64-fedora-clang 3.3.5 517.25 NOTE
r-devel-linux-x86_64-fedora-gcc 3.3.5 503.70 NOTE
r-devel-windows-x86_64-new-UL 3.3.5 84.00 560.00 644.00 OK
r-devel-windows-x86_64-new-TK 3.3.5 NOTE
r-devel-windows-x86_64-old 3.3.5 42.00 379.00 421.00 OK
r-patched-linux-x86_64 3.3.5 31.87 369.36 401.23 OK
r-release-linux-x86_64 3.3.5 23.70 369.52 393.22 OK
r-release-macos-arm64 3.3.5 NOTE
r-release-macos-x86_64 3.3.5 NOTE
r-release-windows-ix86+x86_64 3.3.5 44.00 493.00 537.00 OK
r-oldrel-macos-x86_64 3.3.5 NOTE
r-oldrel-windows-ix86+x86_64 3.3.5 44.00 488.00 532.00 OK

Check Details

Version: 3.3.5
Check: dependencies in R code
Result: NOTE
    Namespace in Imports field not imported from: ‘mgcv’
     All declared Imports should be used.
Flavors: r-devel-linux-x86_64-fedora-clang, r-devel-linux-x86_64-fedora-gcc, r-devel-windows-x86_64-new-TK, r-release-macos-arm64, r-release-macos-x86_64, r-oldrel-macos-x86_64

Version: 3.3.5
Check: installed package size
Result: NOTE
     installed size is 5.9Mb
     sub-directories of 1Mb or more:
     R 2.0Mb
     doc 1.9Mb
Flavor: r-release-macos-arm64