Last updated on 2023-02-08 23:15:16 CET.
Flavor | Version | Tinstall | Tcheck | Ttotal | Status | Flags |
---|---|---|---|---|---|---|
r-devel-linux-x86_64-debian-clang | 1.0.0 | 9.04 | 64.85 | 73.89 | NOTE | |
r-devel-linux-x86_64-debian-gcc | 1.0.0 | 6.55 | 47.85 | 54.40 | NOTE | |
r-devel-linux-x86_64-fedora-clang | 1.0.0 | 97.68 | NOTE | |||
r-devel-linux-x86_64-fedora-gcc | 1.0.0 | 85.49 | NOTE | |||
r-devel-windows-x86_64 | 1.0.0 | 11.00 | 89.00 | 100.00 | NOTE | |
r-patched-linux-x86_64 | 1.0.0 | 6.22 | 64.59 | 70.81 | NOTE | |
r-release-linux-x86_64 | 1.0.0 | 5.88 | 65.47 | 71.35 | NOTE | |
r-release-macos-arm64 | 1.0.0 | 31.00 | NOTE | |||
r-release-macos-x86_64 | 1.0.0 | 49.00 | NOTE | |||
r-release-windows-x86_64 | 1.0.0 | 15.00 | 105.00 | 120.00 | NOTE | |
r-oldrel-macos-arm64 | 1.0.0 | 38.00 | NOTE | |||
r-oldrel-macos-x86_64 | 1.0.0 | 49.00 | NOTE | |||
r-oldrel-windows-ix86+x86_64 | 1.0.0 | 20.00 | 93.00 | 113.00 | NOTE |
Version: 1.0.0
Check: LazyData
Result: NOTE
'LazyData' is specified without a 'data' directory
Flavors: r-devel-linux-x86_64-debian-clang, r-devel-linux-x86_64-debian-gcc, r-devel-linux-x86_64-fedora-clang, r-devel-linux-x86_64-fedora-gcc, r-devel-windows-x86_64, r-patched-linux-x86_64, r-release-linux-x86_64, r-release-macos-arm64, r-release-macos-x86_64, r-release-windows-x86_64, r-oldrel-macos-arm64, r-oldrel-macos-x86_64, r-oldrel-windows-ix86+x86_64