CRAN Package Check Results for Package ggplotlyExtra

Last updated on 2022-01-15 23:00:27 CET.

Flavor Version Tinstall Tcheck Ttotal Status Flags
r-devel-linux-x86_64-debian-clang 0.0.1 6.25 59.88 66.13 NOTE
r-devel-linux-x86_64-debian-gcc 0.0.1 3.68 44.66 48.34 NOTE
r-devel-linux-x86_64-fedora-clang 0.0.1 79.28 NOTE
r-devel-linux-x86_64-fedora-gcc 0.0.1 65.13 NOTE
r-devel-windows-x86_64-new-UL 0.0.1 24.00 78.00 102.00 NOTE
r-devel-windows-x86_64-new-TK 0.0.1 NOTE
r-patched-linux-x86_64 0.0.1 14.65 56.65 71.30 NOTE
r-release-linux-x86_64 0.0.1 4.09 54.84 58.93 NOTE
r-release-macos-arm64 0.0.1 NOTE
r-release-macos-x86_64 0.0.1 NOTE
r-release-windows-ix86+x86_64 0.0.1 15.00 69.00 84.00 NOTE
r-oldrel-macos-x86_64 0.0.1 OK
r-oldrel-windows-ix86+x86_64 0.0.1 16.00 70.00 86.00 OK

Check Details

Version: 0.0.1
Check: LazyData
Result: NOTE
     'LazyData' is specified without a 'data' directory
Flavors: r-devel-linux-x86_64-debian-clang, r-devel-linux-x86_64-debian-gcc, r-devel-linux-x86_64-fedora-clang, r-devel-linux-x86_64-fedora-gcc, r-devel-windows-x86_64-new-UL, r-devel-windows-x86_64-new-TK, r-patched-linux-x86_64, r-release-linux-x86_64, r-release-macos-arm64, r-release-macos-x86_64, r-release-windows-ix86+x86_64