CRAN Package Check Results for Package ggpol

Last updated on 2022-01-22 22:52:12 CET.

Flavor Version Tinstall Tcheck Ttotal Status Flags
r-devel-linux-x86_64-debian-clang 0.0.7 9.25 67.11 76.36 NOTE
r-devel-linux-x86_64-debian-gcc 0.0.7 7.12 49.63 56.75 NOTE
r-devel-linux-x86_64-fedora-clang 0.0.7 92.63 NOTE
r-devel-linux-x86_64-fedora-gcc 0.0.7 78.53 NOTE
r-devel-windows-x86_64-new-UL 0.0.7 32.00 86.00 118.00 NOTE
r-devel-windows-x86_64-new-TK 0.0.7 NOTE
r-patched-linux-x86_64 0.0.7 7.66 61.19 68.85 NOTE
r-release-linux-x86_64 0.0.7 7.86 62.15 70.01 NOTE
r-release-macos-arm64 0.0.7 NOTE
r-release-macos-x86_64 0.0.7 NOTE
r-release-windows-ix86+x86_64 0.0.7 20.00 79.00 99.00 NOTE
r-oldrel-macos-x86_64 0.0.7 NOTE
r-oldrel-windows-ix86+x86_64 0.0.7 20.00 75.00 95.00 OK

Check Details

Version: 0.0.7
Check: LazyData
Result: NOTE
     'LazyData' is specified without a 'data' directory
Flavors: r-devel-linux-x86_64-debian-clang, r-devel-linux-x86_64-debian-gcc, r-devel-linux-x86_64-fedora-clang, r-devel-linux-x86_64-fedora-gcc, r-devel-windows-x86_64-new-UL, r-devel-windows-x86_64-new-TK, r-patched-linux-x86_64, r-release-linux-x86_64, r-release-macos-arm64, r-release-macos-x86_64, r-release-windows-ix86+x86_64

Version: 0.0.7
Check: dependencies in R code
Result: NOTE
    Namespaces in Imports field not imported from:
     ‘dplyr’ ‘grDevices’
     All declared Imports should be used.
Flavors: r-devel-linux-x86_64-fedora-clang, r-devel-linux-x86_64-fedora-gcc, r-devel-windows-x86_64-new-TK, r-release-macos-arm64, r-release-macos-x86_64, r-oldrel-macos-x86_64