CRAN Package Check Results for Package ggquickeda

Last updated on 2024-02-20 23:53:55 CET.

Flavor Version Tinstall Tcheck Ttotal Status Flags
r-devel-linux-x86_64-debian-clang 0.3.1 OK
r-devel-linux-x86_64-debian-gcc 0.3.1 11.95 103.68 115.63 OK
r-devel-linux-x86_64-fedora-clang 0.3.1 196.65 NOTE
r-devel-linux-x86_64-fedora-gcc 0.3.1 202.68 NOTE
r-devel-windows-x86_64 0.3.1 15.00 127.00 142.00 OK
r-patched-linux-x86_64 0.3.1 20.17 135.89 156.06 OK
r-release-linux-x86_64 0.3.1 15.82 135.24 151.06 OK
r-release-macos-arm64 0.3.1 51.00 OK
r-release-macos-x86_64 0.3.1 100.00 OK
r-release-windows-x86_64 0.3.1 18.00 145.00 163.00 OK
r-oldrel-macos-arm64 0.3.1 54.00 OK
r-oldrel-windows-x86_64 0.3.1 20.00 149.00 169.00 OK

Check Details

Version: 0.3.1
Check: package dependencies
Result: NOTE Imports includes 37 non-default packages. Importing from so many packages makes the package vulnerable to any of them becoming unavailable. Move as many as possible to Suggests and use conditionally. Flavor: r-devel-linux-x86_64-fedora-clang

Version: 0.3.1
Check: dependencies in R code
Result: NOTE Namespaces in Imports field not imported from: ‘DT’ ‘Formula’ ‘GGally’ ‘Hmisc’ ‘RPostgres’ ‘colourpicker’ ‘ggpmisc’ ‘ggpubr’ ‘glue’ ‘gridExtra’ ‘markdown’ ‘patchwork’ ‘plotly’ ‘quantreg’ ‘shinyFiles’ ‘shinyjqui’ ‘shinyjs’ ‘table1’ ‘zoo’ All declared Imports should be used. Flavors: r-devel-linux-x86_64-fedora-clang, r-devel-linux-x86_64-fedora-gcc