CRAN Package Check Results for Package ggsci

Last updated on 2022-01-20 22:54:04 CET.

Flavor Version Tinstall Tcheck Ttotal Status Flags
r-devel-linux-x86_64-debian-clang 2.9 NOTE
r-devel-linux-x86_64-debian-gcc 2.9 4.44 92.76 97.20 NOTE
r-devel-linux-x86_64-fedora-clang 2.9 154.62 NOTE
r-devel-linux-x86_64-fedora-gcc 2.9 141.81 NOTE
r-devel-windows-x86_64-new-UL 2.9 53.00 163.00 216.00 NOTE
r-devel-windows-x86_64-new-TK 2.9 NOTE
r-patched-linux-x86_64 2.9 5.39 113.64 119.03 NOTE
r-release-linux-x86_64 2.9 3.39 112.63 116.02 NOTE
r-release-macos-arm64 2.9 NOTE
r-release-macos-x86_64 2.9 NOTE
r-release-windows-ix86+x86_64 2.9 14.00 150.00 164.00 NOTE
r-oldrel-macos-x86_64 2.9 OK
r-oldrel-windows-ix86+x86_64 2.9 15.00 148.00 163.00 OK

Check Details

Version: 2.9
Check: LazyData
Result: NOTE
     'LazyData' is specified without a 'data' directory
Flavors: r-devel-linux-x86_64-debian-clang, r-devel-linux-x86_64-debian-gcc, r-devel-linux-x86_64-fedora-clang, r-devel-linux-x86_64-fedora-gcc, r-devel-windows-x86_64-new-UL, r-devel-windows-x86_64-new-TK, r-patched-linux-x86_64, r-release-linux-x86_64, r-release-macos-arm64, r-release-macos-x86_64, r-release-windows-ix86+x86_64