CRAN Package Check Results for Package ggside

Last updated on 2024-02-24 21:40:21 CET.

Flavor Version Tinstall Tcheck Ttotal Status Flags
r-devel-linux-x86_64-debian-clang 0.2.3 19.93 197.54 217.47 OK
r-devel-linux-x86_64-debian-gcc 0.2.3 11.44 148.50 159.94 OK
r-devel-linux-x86_64-fedora-clang 0.2.3 169.81 ERROR
r-devel-linux-x86_64-fedora-gcc 0.2.3 171.82 ERROR
r-devel-windows-x86_64 0.2.3 17.00 158.00 175.00 OK
r-patched-linux-x86_64 0.2.3 25.05 192.15 217.20 OK
r-release-linux-x86_64 0.2.3 18.44 189.98 208.42 OK
r-release-macos-arm64 0.2.3 83.00 OK
r-release-macos-x86_64 0.2.3 148.00 OK
r-release-windows-x86_64 0.2.3 21.00 201.00 222.00 OK
r-oldrel-macos-arm64 0.2.3 108.00 OK
r-oldrel-windows-x86_64 0.2.3 24.00 203.00 227.00 OK

Check Details

Version: 0.2.3
Check: examples
Result: ERROR Running examples in ‘ggside-Ex.R’ failed The error most likely occurred in: > ### Name: geom_xsidebar > ### Title: Side bar Charts > ### Aliases: geom_xsidebar geom_*sidebar geom_ysidebar geom_xsidecol > ### geom_ysidecol > > ### ** Examples > > > p <-ggplot(iris, aes(Sepal.Width, Sepal.Length, color = Species, fill = Species)) + + geom_point() > > #sidebar - uses StatCount > p + + geom_xsidebar() + + geom_ysidebar() Error in guide$position : object of type 'closure' is not subsettable Calls: <Anonymous> ... panel_guides_grob -> %||% -> guide_for_position -> vapply -> FUN Execution halted Flavors: r-devel-linux-x86_64-fedora-clang, r-devel-linux-x86_64-fedora-gcc

Version: 0.2.3
Check: tests
Result: ERROR Running ‘testthat.R’ [29s/53s] Running the tests in ‘tests/testthat.R’ failed. Complete output: > library(testthat) > library(vdiffr) > library(ggplot2) > library(ggside) Registered S3 method overwritten by 'ggside': method from +.gg ggplot2 > > test_check("ggside") [ FAIL 19 | WARN 10 | SKIP 3 | PASS 86 ] ══ Skipped tests (3) ═══════════════════════════════════════════════════════════ • On CRAN (3): 'test_ggside_axis_polts.R:9:3', 'test_non_aes_mapping_legend.R:11:3', 'test_vdiff_diamondplots.R:40:3' ══ Failed tests ════════════════════════════════════════════════════════════════ ── Error ('test_FacetGrid_ggside_themes.R:11:3'): ggside.panel.scale facetGrid ── <notSubsettableError/error/condition> Error in `guide$position`: object of type 'closure' is not subsettable Backtrace: ▆ 1. └─vdiffr::expect_doppelganger(...) at test_FacetGrid_ggside_themes.R:11:3 2. └─vdiffr (local) writer(fig, testcase, title) 3. ├─vdiffr:::print_plot(plot, title) 4. └─vdiffr:::print_plot.ggplot(plot, title) 5. ├─base::print(p) 6. └─ggplot2:::print.ggplot(p) 7. ├─ggplot2::ggplot_gtable(data) 8. └─ggplot2:::ggplot_gtable.ggplot_built(data) 9. └─layout$render(geom_grobs, data, theme, plot$labels) 10. └─ggplot2 (local) render(..., self = self) 11. └─self$facet$draw_panels(...) 12. └─ggside (local) draw_panels(...) 13. └─ggplot2::render_axes(ranges, ranges, coord, theme, transpose = TRUE) 14. └─base::lapply(x, coord$render_axis_h, theme) 15. └─ggplot2 (local) FUN(X[[i]], ...) 16. └─ggside (local) render_axis_h(...) 17. └─ggside:::panel_guides_grob(...) 18. ├─guide_for_position(guides, position) %||% guide_none() 19. └─ggside:::guide_for_position(guides, position) 20. └─base::vapply(...) 21. └─ggside (local) FUN(X[[i]], ...) ── Error ('test_FacetGrid_ggside_themes.R:23:3'): ggside.panel.spacing facetGrid ── <notSubsettableError/error/condition> Error in `guide$position`: object of type 'closure' is not subsettable Backtrace: ▆ 1. └─vdiffr::expect_doppelganger(...) at test_FacetGrid_ggside_themes.R:23:3 2. └─vdiffr (local) writer(fig, testcase, title) 3. ├─vdiffr:::print_plot(plot, title) 4. └─vdiffr:::print_plot.ggplot(plot, title) 5. ├─base::print(p) 6. └─ggplot2:::print.ggplot(p) 7. ├─ggplot2::ggplot_gtable(data) 8. └─ggplot2:::ggplot_gtable.ggplot_built(data) 9. └─layout$render(geom_grobs, data, theme, plot$labels) 10. └─ggplot2 (local) render(..., self = self) 11. └─self$facet$draw_panels(...) 12. └─ggside (local) draw_panels(...) 13. └─ggplot2::render_axes(ranges, ranges, coord, theme, transpose = TRUE) 14. └─base::lapply(x, coord$render_axis_h, theme) 15. └─ggplot2 (local) FUN(X[[i]], ...) 16. └─ggside (local) render_axis_h(...) 17. └─ggside:::panel_guides_grob(...) 18. ├─guide_for_position(guides, position) %||% guide_none() 19. └─ggside:::guide_for_position(guides, position) 20. └─base::vapply(...) 21. └─ggside (local) FUN(X[[i]], ...) ── Error ('test_FacetNull_ggside_themes.R:11:3'): ggside.panel.scale facetNULL ── <notSubsettableError/error/condition> Error in `guide$position`: object of type 'closure' is not subsettable Backtrace: ▆ 1. └─vdiffr::expect_doppelganger(...) at test_FacetNull_ggside_themes.R:11:3 2. └─vdiffr (local) writer(fig, testcase, title) 3. ├─vdiffr:::print_plot(plot, title) 4. └─vdiffr:::print_plot.ggplot(plot, title) 5. ├─base::print(p) 6. └─ggplot2:::print.ggplot(p) 7. ├─ggplot2::ggplot_gtable(data) 8. └─ggplot2:::ggplot_gtable.ggplot_built(data) 9. └─layout$render(geom_grobs, data, theme, plot$labels) 10. └─ggplot2 (local) render(..., self = self) 11. └─self$facet$draw_panels(...) 12. └─ggside (local) draw_panels(...) 13. └─ggplot2::render_axes(ranges, ranges, coord, theme, transpose = TRUE) 14. └─base::lapply(x, coord$render_axis_h, theme) 15. └─ggplot2 (local) FUN(X[[i]], ...) 16. └─ggside (local) render_axis_h(...) 17. └─ggside:::panel_guides_grob(...) 18. ├─guide_for_position(guides, position) %||% guide_none() 19. └─ggside:::guide_for_position(guides, position) 20. └─base::vapply(...) 21. └─ggside (local) FUN(X[[i]], ...) ── Error ('test_FacetNull_ggside_themes.R:23:3'): ggside.panel.spacing facetNULL ── <notSubsettableError/error/condition> Error in `guide$position`: object of type 'closure' is not subsettable Backtrace: ▆ 1. └─vdiffr::expect_doppelganger(...) at test_FacetNull_ggside_themes.R:23:3 2. └─vdiffr (local) writer(fig, testcase, title) 3. ├─vdiffr:::print_plot(plot, title) 4. └─vdiffr:::print_plot.ggplot(plot, title) 5. ├─base::print(p) 6. └─ggplot2:::print.ggplot(p) 7. ├─ggplot2::ggplot_gtable(data) 8. └─ggplot2:::ggplot_gtable.ggplot_built(data) 9. └─layout$render(geom_grobs, data, theme, plot$labels) 10. └─ggplot2 (local) render(..., self = self) 11. └─self$facet$draw_panels(...) 12. └─ggside (local) draw_panels(...) 13. └─ggplot2::render_axes(ranges, ranges, coord, theme, transpose = TRUE) 14. └─base::lapply(x, coord$render_axis_h, theme) 15. └─ggplot2 (local) FUN(X[[i]], ...) 16. └─ggside (local) render_axis_h(...) 17. └─ggside:::panel_guides_grob(...) 18. ├─guide_for_position(guides, position) %||% guide_none() 19. └─ggside:::guide_for_position(guides, position) 20. └─base::vapply(...) 21. └─ggside (local) FUN(X[[i]], ...) ── Error ('test_FacetWrap_ggside_themes.R:11:3'): ggside.panel.scale facetWrap ── <notSubsettableError/error/condition> Error in `guide$position`: object of type 'closure' is not subsettable Backtrace: ▆ 1. └─vdiffr::expect_doppelganger(...) at test_FacetWrap_ggside_themes.R:11:3 2. └─vdiffr (local) writer(fig, testcase, title) 3. ├─vdiffr:::print_plot(plot, title) 4. └─vdiffr:::print_plot.ggplot(plot, title) 5. ├─base::print(p) 6. └─ggplot2:::print.ggplot(p) 7. ├─ggplot2::ggplot_gtable(data) 8. └─ggplot2:::ggplot_gtable.ggplot_built(data) 9. └─layout$render(geom_grobs, data, theme, plot$labels) 10. └─ggplot2 (local) render(..., self = self) 11. └─self$facet$draw_panels(...) 12. └─ggside (local) draw_panels(...) 13. └─ggplot2::render_axes(ranges, ranges, coord, theme, transpose = TRUE) 14. └─base::lapply(x, coord$render_axis_h, theme) 15. └─ggplot2 (local) FUN(X[[i]], ...) 16. └─ggside (local) render_axis_h(...) 17. └─ggside:::panel_guides_grob(...) 18. ├─guide_for_position(guides, position) %||% guide_none() 19. └─ggside:::guide_for_position(guides, position) 20. └─base::vapply(...) 21. └─ggside (local) FUN(X[[i]], ...) ── Error ('test_FacetWrap_ggside_themes.R:23:3'): ggside.panel.spacing facetWrap ── <notSubsettableError/error/condition> Error in `guide$position`: object of type 'closure' is not subsettable Backtrace: ▆ 1. └─vdiffr::expect_doppelganger(...) at test_FacetWrap_ggside_themes.R:23:3 2. └─vdiffr (local) writer(fig, testcase, title) 3. ├─vdiffr:::print_plot(plot, title) 4. └─vdiffr:::print_plot.ggplot(plot, title) 5. ├─base::print(p) 6. └─ggplot2:::print.ggplot(p) 7. ├─ggplot2::ggplot_gtable(data) 8. └─ggplot2:::ggplot_gtable.ggplot_built(data) 9. └─layout$render(geom_grobs, data, theme, plot$labels) 10. └─ggplot2 (local) render(..., self = self) 11. └─self$facet$draw_panels(...) 12. └─ggside (local) draw_panels(...) 13. └─ggplot2::render_axes(ranges, ranges, coord, theme, transpose = TRUE) 14. └─base::lapply(x, coord$render_axis_h, theme) 15. └─ggplot2 (local) FUN(X[[i]], ...) 16. └─ggside (local) render_axis_h(...) 17. └─ggside:::panel_guides_grob(...) 18. ├─guide_for_position(guides, position) %||% guide_none() 19. └─ggside:::guide_for_position(guides, position) 20. └─base::vapply(...) 21. └─ggside (local) FUN(X[[i]], ...) ── Error ('test_axis_render_position.R:10:3'): axis may be rendered in between plots ── <notSubsettableError/error/condition> Error in `guide$position`: object of type 'closure' is not subsettable Backtrace: ▆ 1. └─vdiffr::expect_doppelganger("default", p) at test_axis_render_position.R:10:3 2. └─vdiffr (local) writer(fig, testcase, title) 3. ├─vdiffr:::print_plot(plot, title) 4. └─vdiffr:::print_plot.ggplot(plot, title) 5. ├─base::print(p) 6. └─ggplot2:::print.ggplot(p) 7. ├─ggplot2::ggplot_gtable(data) 8. └─ggplot2:::ggplot_gtable.ggplot_built(data) 9. └─layout$render(geom_grobs, data, theme, plot$labels) 10. └─ggplot2 (local) render(..., self = self) 11. └─self$facet$draw_panels(...) 12. └─ggside (local) draw_panels(...) 13. └─ggplot2::render_axes(ranges, ranges, coord, theme, transpose = TRUE) 14. └─base::lapply(x, coord$render_axis_h, theme) 15. └─ggplot2 (local) FUN(X[[i]], ...) 16. └─ggside (local) render_axis_h(...) 17. └─ggside:::panel_guides_grob(...) 18. ├─guide_for_position(guides, position) %||% guide_none() 19. └─ggside:::guide_for_position(guides, position) 20. └─base::vapply(...) 21. └─ggside (local) FUN(X[[i]], ...) ── Error ('test_continuous_date_axis.R:29:3'): ggside work-around works ──────── <notSubsettableError/error/condition> Error in `guide$position`: object of type 'closure' is not subsettable Backtrace: ▆ 1. └─vdiffr::expect_doppelganger("date_x_yside", p_yside) at test_continuous_date_axis.R:29:3 2. └─vdiffr (local) writer(fig, testcase, title) 3. ├─vdiffr:::print_plot(plot, title) 4. └─vdiffr:::print_plot.ggplot(plot, title) 5. ├─base::print(p) 6. └─ggplot2:::print.ggplot(p) 7. ├─ggplot2::ggplot_gtable(data) 8. └─ggplot2:::ggplot_gtable.ggplot_built(data) 9. └─layout$render(geom_grobs, data, theme, plot$labels) 10. └─ggplot2 (local) render(..., self = self) 11. └─self$facet$draw_panels(...) 12. └─ggside (local) draw_panels(...) 13. └─ggplot2::render_axes(ranges, ranges, coord, theme, transpose = TRUE) 14. └─base::lapply(x, coord$render_axis_h, theme) 15. └─ggplot2 (local) FUN(X[[i]], ...) 16. └─ggside (local) render_axis_h(...) 17. └─ggside:::panel_guides_grob(...) 18. ├─guide_for_position(guides, position) %||% guide_none() 19. └─ggside:::guide_for_position(guides, position) 20. └─base::vapply(...) 21. └─ggside (local) FUN(X[[i]], ...) ── Error ('test_ggside_axis_polts.R:16:3'): ggside x-axis plotting ───────────── <notSubsettableError/error/condition> Error in `guide$position`: object of type 'closure' is not subsettable Backtrace: ▆ 1. └─vdiffr::expect_doppelganger("xside top", px) at test_ggside_axis_polts.R:16:3 2. └─vdiffr (local) writer(fig, testcase, title) 3. ├─vdiffr:::print_plot(plot, title) 4. └─vdiffr:::print_plot.ggplot(plot, title) 5. ├─base::print(p) 6. └─ggplot2:::print.ggplot(p) 7. ├─ggplot2::ggplot_gtable(data) 8. └─ggplot2:::ggplot_gtable.ggplot_built(data) 9. └─layout$render(geom_grobs, data, theme, plot$labels) 10. └─ggplot2 (local) render(..., self = self) 11. └─self$facet$draw_panels(...) 12. └─ggside (local) draw_panels(...) 13. └─ggplot2::render_axes(ranges, ranges, coord, theme, transpose = TRUE) 14. └─base::lapply(x, coord$render_axis_h, theme) 15. └─ggplot2 (local) FUN(X[[i]], ...) 16. └─ggside (local) render_axis_h(...) 17. └─ggside:::panel_guides_grob(...) 18. ├─guide_for_position(guides, position) %||% guide_none() 19. └─ggside:::guide_for_position(guides, position) 20. └─base::vapply(...) 21. └─ggside (local) FUN(X[[i]], ...) ── Error ('test_ggside_axis_polts.R:27:3'): ggside y-axis plotting ───────────── <notSubsettableError/error/condition> Error in `guide$position`: object of type 'closure' is not subsettable Backtrace: ▆ 1. └─vdiffr::expect_doppelganger("yside right", py) at test_ggside_axis_polts.R:27:3 2. └─vdiffr (local) writer(fig, testcase, title) 3. ├─vdiffr:::print_plot(plot, title) 4. └─vdiffr:::print_plot.ggplot(plot, title) 5. ├─base::print(p) 6. └─ggplot2:::print.ggplot(p) 7. ├─ggplot2::ggplot_gtable(data) 8. └─ggplot2:::ggplot_gtable.ggplot_built(data) 9. └─layout$render(geom_grobs, data, theme, plot$labels) 10. └─ggplot2 (local) render(..., self = self) 11. └─self$facet$draw_panels(...) 12. └─ggside (local) draw_panels(...) 13. └─ggplot2::render_axes(ranges, ranges, coord, theme, transpose = TRUE) 14. └─base::lapply(x, coord$render_axis_h, theme) 15. └─ggplot2 (local) FUN(X[[i]], ...) 16. └─ggside (local) render_axis_h(...) 17. └─ggside:::panel_guides_grob(...) 18. ├─guide_for_position(guides, position) %||% guide_none() 19. └─ggside:::guide_for_position(guides, position) 20. └─base::vapply(...) 21. └─ggside (local) FUN(X[[i]], ...) ── Error ('test_ggside_axis_polts.R:40:3'): ggside xy-axis plotting ──────────── <notSubsettableError/error/condition> Error in `guide$position`: object of type 'closure' is not subsettable Backtrace: ▆ 1. └─vdiffr::expect_doppelganger("xyside", pxy) at test_ggside_axis_polts.R:40:3 2. └─vdiffr (local) writer(fig, testcase, title) 3. ├─vdiffr:::print_plot(plot, title) 4. └─vdiffr:::print_plot.ggplot(plot, title) 5. ├─base::print(p) 6. └─ggplot2:::print.ggplot(p) 7. ├─ggplot2::ggplot_gtable(data) 8. └─ggplot2:::ggplot_gtable.ggplot_built(data) 9. └─layout$render(geom_grobs, data, theme, plot$labels) 10. └─ggplot2 (local) render(..., self = self) 11. └─self$facet$draw_panels(...) 12. └─ggside (local) draw_panels(...) 13. └─ggplot2::render_axes(ranges, ranges, coord, theme, transpose = TRUE) 14. └─base::lapply(x, coord$render_axis_h, theme) 15. └─ggplot2 (local) FUN(X[[i]], ...) 16. └─ggside (local) render_axis_h(...) 17. └─ggside:::panel_guides_grob(...) 18. ├─guide_for_position(guides, position) %||% guide_none() 19. └─ggside:::guide_for_position(guides, position) 20. └─base::vapply(...) 21. └─ggside (local) FUN(X[[i]], ...) ── Error ('test_ggside_axis_polts.R:58:3'): ggside FacetGrid strip option works ── <notSubsettableError/error/condition> Error in `guide$position`: object of type 'closure' is not subsettable Backtrace: ▆ 1. └─vdiffr::expect_doppelganger(...) at test_ggside_axis_polts.R:58:3 2. └─vdiffr (local) writer(fig, testcase, title) 3. ├─vdiffr:::print_plot(plot, title) 4. └─vdiffr:::print_plot.ggplot(plot, title) 5. ├─base::print(p) 6. └─ggplot2:::print.ggplot(p) 7. ├─ggplot2::ggplot_gtable(data) 8. └─ggplot2:::ggplot_gtable.ggplot_built(data) 9. └─layout$render(geom_grobs, data, theme, plot$labels) 10. └─ggplot2 (local) render(..., self = self) 11. └─self$facet$draw_panels(...) 12. └─ggside (local) draw_panels(...) 13. └─ggplot2::render_axes(ranges, ranges, coord, theme, transpose = TRUE) 14. └─base::lapply(x, coord$render_axis_h, theme) 15. └─ggplot2 (local) FUN(X[[i]], ...) 16. └─ggside (local) render_axis_h(...) 17. └─ggside:::panel_guides_grob(...) 18. ├─guide_for_position(guides, position) %||% guide_none() 19. └─ggside:::guide_for_position(guides, position) 20. └─base::vapply(...) 21. └─ggside (local) FUN(X[[i]], ...) ── Error ('test_ggside_extended_themes.R:14:3'): ggside themes functions work ── <notSubsettableError/error/condition> Error in `guide$position`: object of type 'closure' is not subsettable Backtrace: ▆ 1. └─vdiffr::expect_doppelganger("grey", p + theme_ggside_grey()) at test_ggside_extended_themes.R:14:3 2. └─vdiffr (local) writer(fig, testcase, title) 3. ├─vdiffr:::print_plot(plot, title) 4. └─vdiffr:::print_plot.ggplot(plot, title) 5. ├─base::print(p) 6. └─ggplot2:::print.ggplot(p) 7. ├─ggplot2::ggplot_gtable(data) 8. └─ggplot2:::ggplot_gtable.ggplot_built(data) 9. └─layout$render(geom_grobs, data, theme, plot$labels) 10. └─ggplot2 (local) render(..., self = self) 11. └─self$facet$draw_panels(...) 12. └─ggside (local) draw_panels(...) 13. └─ggplot2::render_axes(ranges, ranges, coord, theme, transpose = TRUE) 14. └─base::lapply(x, coord$render_axis_h, theme) 15. └─ggplot2 (local) FUN(X[[i]], ...) 16. └─ggside (local) render_axis_h(...) 17. └─ggside:::panel_guides_grob(...) 18. ├─guide_for_position(guides, position) %||% guide_none() 19. └─ggside:::guide_for_position(guides, position) 20. └─base::vapply(...) 21. └─ggside (local) FUN(X[[i]], ...) ── Error ('test_ggside_extended_themes.R:30:3'): ggside theme inheritence work ── <notSubsettableError/error/condition> Error in `guide$position`: object of type 'closure' is not subsettable Backtrace: ▆ 1. └─vdiffr::expect_doppelganger(...) at test_ggside_extended_themes.R:30:3 2. └─vdiffr (local) writer(fig, testcase, title) 3. ├─vdiffr:::print_plot(plot, title) 4. └─vdiffr:::print_plot.ggplot(plot, title) 5. ├─base::print(p) 6. └─ggplot2:::print.ggplot(p) 7. ├─ggplot2::ggplot_gtable(data) 8. └─ggplot2:::ggplot_gtable.ggplot_built(data) 9. └─layout$render(geom_grobs, data, theme, plot$labels) 10. └─ggplot2 (local) render(..., self = self) 11. └─self$facet$draw_panels(...) 12. └─ggside (local) draw_panels(...) 13. └─ggplot2::render_axes(ranges, ranges, coord, theme, transpose = TRUE) 14. └─base::lapply(x, coord$render_axis_h, theme) 15. └─ggplot2 (local) FUN(X[[i]], ...) 16. └─ggside (local) render_axis_h(...) 17. └─ggside:::panel_guides_grob(...) 18. ├─guide_for_position(guides, position) %||% guide_none() 19. └─ggside:::guide_for_position(guides, position) 20. └─base::vapply(...) 21. └─ggside (local) FUN(X[[i]], ...) ── Error ('test_ggside_scales.R:23:3'): xsidey and ysidex appear ─────────────── <notSubsettableError/error/condition> Error in `guide$position`: object of type 'closure' is not subsettable Backtrace: ▆ 1. └─vdiffr::expect_doppelganger("xsidey-ysidex-FacetNull", p) at test_ggside_scales.R:23:3 2. └─vdiffr (local) writer(fig, testcase, title) 3. ├─vdiffr:::print_plot(plot, title) 4. └─vdiffr:::print_plot.ggplot(plot, title) 5. ├─base::print(p) 6. └─ggplot2:::print.ggplot(p) 7. ├─ggplot2::ggplot_gtable(data) 8. └─ggplot2:::ggplot_gtable.ggplot_built(data) 9. └─layout$render(geom_grobs, data, theme, plot$labels) 10. └─ggplot2 (local) render(..., self = self) 11. └─self$facet$draw_panels(...) 12. └─ggside (local) draw_panels(...) 13. └─ggplot2::render_axes(ranges, ranges, coord, theme, transpose = TRUE) 14. └─base::lapply(x, coord$render_axis_h, theme) 15. └─ggplot2 (local) FUN(X[[i]], ...) 16. └─ggside (local) render_axis_h(...) 17. └─ggside:::panel_guides_grob(...) 18. ├─guide_for_position(guides, position) %||% guide_none() 19. └─ggside:::guide_for_position(guides, position) 20. └─base::vapply(...) 21. └─ggside (local) FUN(X[[i]], ...) ── Error ('test_vdiff_diamondplots.R:56:3'): geom_sidesegment ────────────────── <notSubsettableError/error/condition> Error in `guide$position`: object of type 'closure' is not subsettable Backtrace: ▆ 1. └─vdiffr::expect_doppelganger(...) at test_vdiff_diamondplots.R:56:3 2. └─vdiffr (local) writer(fig, testcase, title) 3. ├─vdiffr:::print_plot(plot, title) 4. └─vdiffr:::print_plot.ggplot(plot, title) 5. ├─base::print(p) 6. └─ggplot2:::print.ggplot(p) 7. ├─ggplot2::ggplot_gtable(data) 8. └─ggplot2:::ggplot_gtable.ggplot_built(data) 9. └─layout$render(geom_grobs, data, theme, plot$labels) 10. └─ggplot2 (local) render(..., self = self) 11. └─self$facet$draw_panels(...) 12. └─ggside (local) draw_panels(...) 13. └─ggplot2::render_axes(ranges, ranges, coord, theme, transpose = TRUE) 14. └─base::lapply(x, coord$render_axis_h, theme) 15. └─ggplot2 (local) FUN(X[[i]], ...) 16. └─ggside (local) render_axis_h(...) 17. └─ggside:::panel_guides_grob(...) 18. ├─guide_for_position(guides, position) %||% guide_none() 19. └─ggside:::guide_for_position(guides, position) 20. └─base::vapply(...) 21. └─ggside (local) FUN(X[[i]], ...) ── Error ('test_vdiff_diamondplots.R:66:3'): geom_sideboxplot ────────────────── <notSubsettableError/error/condition> Error in `guide$position`: object of type 'closure' is not subsettable Backtrace: ▆ 1. └─vdiffr::expect_doppelganger(title = "xySideBoxplots", p0) at test_vdiff_diamondplots.R:66:3 2. └─vdiffr (local) writer(fig, testcase, title) 3. ├─vdiffr:::print_plot(plot, title) 4. └─vdiffr:::print_plot.ggplot(plot, title) 5. ├─base::print(p) 6. └─ggplot2:::print.ggplot(p) 7. ├─ggplot2::ggplot_gtable(data) 8. └─ggplot2:::ggplot_gtable.ggplot_built(data) 9. └─layout$render(geom_grobs, data, theme, plot$labels) 10. └─ggplot2 (local) render(..., self = self) 11. └─self$facet$draw_panels(...) 12. └─ggside (local) draw_panels(...) 13. └─ggplot2::render_axes(ranges, ranges, coord, theme, transpose = TRUE) 14. └─base::lapply(x, coord$render_axis_h, theme) 15. └─ggplot2 (local) FUN(X[[i]], ...) 16. └─ggside (local) render_axis_h(...) 17. └─ggside:::panel_guides_grob(...) 18. ├─guide_for_position(guides, position) %||% guide_none() 19. └─ggside:::guide_for_position(guides, position) 20. └─base::vapply(...) 21. └─ggside (local) FUN(X[[i]], ...) ── Error ('test_vdiff_irisScatter.R:10:3'): sidedensities plot correctly ─────── <notSubsettableError/error/condition> Error in `guide$position`: object of type 'closure' is not subsettable Backtrace: ▆ 1. └─vdiffr::expect_doppelganger("Basic Side Density", p1) at test_vdiff_irisScatter.R:10:3 2. └─vdiffr (local) writer(fig, testcase, title) 3. ├─vdiffr:::print_plot(plot, title) 4. └─vdiffr:::print_plot.ggplot(plot, title) 5. ├─base::print(p) 6. └─ggplot2:::print.ggplot(p) 7. ├─ggplot2::ggplot_gtable(data) 8. └─ggplot2:::ggplot_gtable.ggplot_built(data) 9. └─layout$render(geom_grobs, data, theme, plot$labels) 10. └─ggplot2 (local) render(..., self = self) 11. └─self$facet$draw_panels(...) 12. └─ggside (local) draw_panels(...) 13. └─ggplot2::render_axes(ranges, ranges, coord, theme, transpose = TRUE) 14. └─base::lapply(x, coord$render_axis_h, theme) 15. └─ggplot2 (local) FUN(X[[i]], ...) 16. └─ggside (local) render_axis_h(...) 17. └─ggside:::panel_guides_grob(...) 18. ├─guide_for_position(guides, position) %||% guide_none() 19. └─ggside:::guide_for_position(guides, position) 20. └─base::vapply(...) 21. └─ggside (local) FUN(X[[i]], ...) ── Error ('test_vdiff_irisScatter.R:28:3'): sidehistograms plot correctly ────── <notSubsettableError/error/condition> Error in `guide$position`: object of type 'closure' is not subsettable Backtrace: ▆ 1. └─vdiffr::expect_doppelganger("Basic Side histo", p1) at test_vdiff_irisScatter.R:28:3 2. └─vdiffr (local) writer(fig, testcase, title) 3. ├─vdiffr:::print_plot(plot, title) 4. └─vdiffr:::print_plot.ggplot(plot, title) 5. ├─base::print(p) 6. └─ggplot2:::print.ggplot(p) 7. ├─ggplot2::ggplot_gtable(data) 8. └─ggplot2:::ggplot_gtable.ggplot_built(data) 9. └─layout$render(geom_grobs, data, theme, plot$labels) 10. └─ggplot2 (local) render(..., self = self) 11. └─self$facet$draw_panels(...) 12. └─ggside (local) draw_panels(...) 13. └─ggplot2::render_axes(ranges, ranges, coord, theme, transpose = TRUE) 14. └─base::lapply(x, coord$render_axis_h, theme) 15. └─ggplot2 (local) FUN(X[[i]], ...) 16. └─ggside (local) render_axis_h(...) 17. └─ggside:::panel_guides_grob(...) 18. ├─guide_for_position(guides, position) %||% guide_none() 19. └─ggside:::guide_for_position(guides, position) 20. └─base::vapply(...) 21. └─ggside (local) FUN(X[[i]], ...) [ FAIL 19 | WARN 10 | SKIP 3 | PASS 86 ] Deleting unused snapshots: • FacetGrid_ggside_themes/grid-xside-ggside-panel-scale-5.svg • FacetGrid_ggside_themes/grid-xside-ggside-panel-scale-y-5.svg • FacetGrid_ggside_themes/grid-xside-ggside-panel-spacing-10pt.svg • FacetGrid_ggside_themes/grid-xside-ggside-panel-spacing-y-10pt.svg • FacetGrid_ggside_themes/grid-xyside-ggside-panel-scale-5.svg • FacetGrid_ggside_themes/grid-xyside-ggside-panel-scale-x-5.svg • FacetGrid_ggside_themes/grid-xyside-ggside-panel-scale-y-5.svg • FacetGrid_ggside_themes/grid-xyside-ggside-panel-spacing-10pt.svg • FacetGrid_ggside_themes/grid-xyside-ggside-panel-spacing-x-10pt.svg • FacetGrid_ggside_themes/grid-xyside-ggside-panel-spacing-y-10pt.svg • FacetGrid_ggside_themes/grid-yside-ggside-panel-scale-5.svg • FacetGrid_ggside_themes/grid-yside-ggside-panel-scale-x-5.svg • FacetGrid_ggside_themes/grid-yside-ggside-panel-scale-y-5.svg • FacetGrid_ggside_themes/grid-yside-ggside-panel-spacing-10pt.svg • FacetGrid_ggside_themes/grid-yside-ggside-panel-spacing-x-10pt.svg • FacetGrid_ggside_themes/grid-yside-ggside-panel-spacing-y-10pt.svg • FacetNull_ggside_themes/xside-ggside-panel-scale-5.svg • FacetNull_ggside_themes/xside-ggside-panel-scale-y-5.svg • FacetNull_ggside_themes/xside-ggside-panel-spacing-10pt.svg • FacetNull_ggside_themes/xside-ggside-panel-spacing-y-10pt.svg • FacetNull_ggside_themes/xyside-ggside-panel-scale-5.svg • FacetNull_ggside_themes/xyside-ggside-panel-scale-x-5.svg • FacetNull_ggside_themes/xyside-ggside-panel-scale-y-5.svg • FacetNull_ggside_themes/xyside-ggside-panel-spacing-10pt.svg • FacetNull_ggside_themes/xyside-ggside-panel-spacing-x-10pt.svg • FacetNull_ggside_themes/xyside-ggside-panel-spacing-y-10pt.svg • FacetNull_ggside_themes/yside-ggside-panel-scale-5.svg • FacetNull_ggside_themes/yside-ggside-panel-scale-x-5.svg • FacetNull_ggside_themes/yside-ggside-panel-scale-y-5.svg • FacetNull_ggside_themes/yside-ggside-panel-spacing-10pt.svg • FacetNull_ggside_themes/yside-ggside-panel-spacing-x-10pt.svg • FacetNull_ggside_themes/yside-ggside-panel-spacing-y-10pt.svg • FacetWrap_ggside_themes/wrap-xside-ggside-panel-scale-5.svg • FacetWrap_ggside_themes/wrap-xside-ggside-panel-scale-y-5.svg • FacetWrap_ggside_themes/wrap-xside-ggside-panel-spacing-10pt.svg • FacetWrap_ggside_themes/wrap-xside-ggside-panel-spacing-y-10pt.svg • FacetWrap_ggside_themes/wrap-xyside-ggside-panel-scale-5.svg • FacetWrap_ggside_themes/wrap-xyside-ggside-panel-scale-x-5.svg • FacetWrap_ggside_themes/wrap-xyside-ggside-panel-scale-y-5.svg • FacetWrap_ggside_themes/wrap-xyside-ggside-panel-spacing-10pt.svg • FacetWrap_ggside_themes/wrap-xyside-ggside-panel-spacing-x-10pt.svg • FacetWrap_ggside_themes/wrap-xyside-ggside-panel-spacing-y-10pt.svg • FacetWrap_ggside_themes/wrap-yside-ggside-panel-scale-5.svg • FacetWrap_ggside_themes/wrap-yside-ggside-panel-scale-x-5.svg • FacetWrap_ggside_themes/wrap-yside-ggside-panel-scale-y-5.svg • FacetWrap_ggside_themes/wrap-yside-ggside-panel-spacing-10pt.svg • FacetWrap_ggside_themes/wrap-yside-ggside-panel-spacing-x-10pt.svg • FacetWrap_ggside_themes/wrap-yside-ggside-panel-spacing-y-10pt.svg • axis_render_position/grid-default.svg • axis_render_position/grid-x-on-main-pos-bot.svg • axis_render_position/grid-x-on-main-top.svg • axis_render_position/grid-x-on-side-pos-bot.svg • axis_render_position/grid-x-on-side.svg • axis_render_position/grid-y-on-main-pos-left.svg • axis_render_position/grid-y-on-main-right.svg • axis_render_position/grid-y-on-side-pos-left.svg • axis_render_position/grid-y-on-side.svg • axis_render_position/wrap-default.svg • axis_render_position/wrap-x-on-main-pos-bot.svg • axis_render_position/wrap-x-on-main-top.svg • axis_render_position/wrap-x-on-side-pos-bot.svg • axis_render_position/wrap-x-on-side.svg • axis_render_position/wrap-y-on-main-pos-left.svg • axis_render_position/wrap-y-on-main-right.svg • axis_render_position/wrap-y-on-side-pos-left.svg • axis_render_position/wrap-y-on-side.svg • axis_render_position/x-on-main-pos-bot.svg • axis_render_position/x-on-main-top.svg • axis_render_position/x-on-side-pos-bot.svg • axis_render_position/x-on-side.svg • axis_render_position/y-on-main-pos-left.svg • axis_render_position/y-on-main-right.svg • axis_render_position/y-on-side-pos-left.svg • axis_render_position/y-on-side.svg • continuous_date_axis/date-x-both.svg • continuous_date_axis/date-x-xside.svg • ggside_axis_polts/xside-bot-pos-top-grid.svg • ggside_axis_polts/xside-bot-pos-top.svg • ggside_axis_polts/xside-bottom.svg • ggside_axis_polts/xside-top-noaxis.svg • ggside_axis_polts/xside-top-pos-top-wrap.svg • ggside_axis_polts/xside-top-pos-top.svg • ggside_axis_polts/xyside-facet-grid.svg • ggside_axis_polts/xyside-lb-pos-swap.svg • ggside_axis_polts/xyside-lb.svg • ggside_axis_polts/xyside-no-x-text.svg • ggside_axis_polts/xyside-no-y-text.svg • ggside_axis_polts/xyside-xb-pos-top.svg • ggside_axis_polts/xyside-xb.svg • ggside_axis_polts/xyside-yl-pos-right.svg • ggside_axis_polts/xyside-yl.svg • ggside_axis_polts/yside-left-pos-right-grid.svg • ggside_axis_polts/yside-left-pos-right.svg • ggside_axis_polts/yside-left.svg • ggside_axis_polts/yside-right-noaxis.svg • ggside_axis_polts/yside-right-pos-right-wrap.svg • ggside_axis_polts/yside-right-pos-right.svg • ggside_extended_themes/bw.svg • ggside_extended_themes/classic.svg • ggside_extended_themes/dark.svg • ggside_extended_themes/gray.svg • ggside_extended_themes/light.svg • ggside_extended_themes/linedraw.svg • ggside_extended_themes/minimal.svg • ggside_extended_themes/side-panel-background.svg • ggside_extended_themes/side-panel-border.svg • ggside_extended_themes/void.svg • ggside_scales/xsidey-ysidex-facetgrid.svg • ggside_scales/xsidey-ysidex-facetwrap.svg • non_aes_mapping_legend/non-aes-color-blue.svg • non_aes_mapping_legend/non-aes-xcolor-red.svg • vdiff_irisScatter/collapsed-histo.svg • vdiff_irisScatter/facetgrid-collapsed-density.svg • vdiff_irisScatter/facetgrid-histo.svg • vdiff_irisScatter/facetgrid-side-density.svg • vdiff_irisScatter/stacked-side-density.svg • vdiff_irisScatter/yside-histo.svg Error: Test failures Execution halted Flavor: r-devel-linux-x86_64-fedora-clang

Version: 0.2.3
Check: re-building of vignette outputs
Result: ERROR Error(s) in re-building vignettes: --- re-building ‘ggside_aes_mapping.Rmd’ using rmarkdown Quitting from lines 78-79 [ggside_legacy_example] (ggside_aes_mapping.Rmd) Error: processing vignette 'ggside_aes_mapping.Rmd' failed with diagnostics: object of type 'closure' is not subsettable --- failed re-building ‘ggside_aes_mapping.Rmd’ --- re-building ‘ggside_basic_usage.Rmd’ using rmarkdown Quitting from lines 73-77 [ggside_summarise_diamond_base] (ggside_basic_usage.Rmd) Error: processing vignette 'ggside_basic_usage.Rmd' failed with diagnostics: object of type 'closure' is not subsettable --- failed re-building ‘ggside_basic_usage.Rmd’ SUMMARY: processing the following files failed: ‘ggside_aes_mapping.Rmd’ ‘ggside_basic_usage.Rmd’ Error: Vignette re-building failed. Execution halted Flavors: r-devel-linux-x86_64-fedora-clang, r-devel-linux-x86_64-fedora-gcc

Version: 0.2.3
Check: tests
Result: ERROR Running ‘testthat.R’ [27s/64s] Running the tests in ‘tests/testthat.R’ failed. Complete output: > library(testthat) > library(vdiffr) > library(ggplot2) > library(ggside) Registered S3 method overwritten by 'ggside': method from +.gg ggplot2 > > test_check("ggside") [ FAIL 19 | WARN 10 | SKIP 3 | PASS 86 ] ══ Skipped tests (3) ═══════════════════════════════════════════════════════════ • On CRAN (3): 'test_ggside_axis_polts.R:9:3', 'test_non_aes_mapping_legend.R:11:3', 'test_vdiff_diamondplots.R:40:3' ══ Failed tests ════════════════════════════════════════════════════════════════ ── Error ('test_FacetGrid_ggside_themes.R:11:3'): ggside.panel.scale facetGrid ── <notSubsettableError/error/condition> Error in `guide$position`: object of type 'closure' is not subsettable Backtrace: ▆ 1. └─vdiffr::expect_doppelganger(...) at test_FacetGrid_ggside_themes.R:11:3 2. └─vdiffr (local) writer(fig, testcase, title) 3. ├─vdiffr:::print_plot(plot, title) 4. └─vdiffr:::print_plot.ggplot(plot, title) 5. ├─base::print(p) 6. └─ggplot2:::print.ggplot(p) 7. ├─ggplot2::ggplot_gtable(data) 8. └─ggplot2:::ggplot_gtable.ggplot_built(data) 9. └─layout$render(geom_grobs, data, theme, plot$labels) 10. └─ggplot2 (local) render(..., self = self) 11. └─self$facet$draw_panels(...) 12. └─ggside (local) draw_panels(...) 13. └─ggplot2::render_axes(ranges, ranges, coord, theme, transpose = TRUE) 14. └─base::lapply(x, coord$render_axis_h, theme) 15. └─ggplot2 (local) FUN(X[[i]], ...) 16. └─ggside (local) render_axis_h(...) 17. └─ggside:::panel_guides_grob(...) 18. ├─guide_for_position(guides, position) %||% guide_none() 19. └─ggside:::guide_for_position(guides, position) 20. └─base::vapply(...) 21. └─ggside (local) FUN(X[[i]], ...) ── Error ('test_FacetGrid_ggside_themes.R:23:3'): ggside.panel.spacing facetGrid ── <notSubsettableError/error/condition> Error in `guide$position`: object of type 'closure' is not subsettable Backtrace: ▆ 1. └─vdiffr::expect_doppelganger(...) at test_FacetGrid_ggside_themes.R:23:3 2. └─vdiffr (local) writer(fig, testcase, title) 3. ├─vdiffr:::print_plot(plot, title) 4. └─vdiffr:::print_plot.ggplot(plot, title) 5. ├─base::print(p) 6. └─ggplot2:::print.ggplot(p) 7. ├─ggplot2::ggplot_gtable(data) 8. └─ggplot2:::ggplot_gtable.ggplot_built(data) 9. └─layout$render(geom_grobs, data, theme, plot$labels) 10. └─ggplot2 (local) render(..., self = self) 11. └─self$facet$draw_panels(...) 12. └─ggside (local) draw_panels(...) 13. └─ggplot2::render_axes(ranges, ranges, coord, theme, transpose = TRUE) 14. └─base::lapply(x, coord$render_axis_h, theme) 15. └─ggplot2 (local) FUN(X[[i]], ...) 16. └─ggside (local) render_axis_h(...) 17. └─ggside:::panel_guides_grob(...) 18. ├─guide_for_position(guides, position) %||% guide_none() 19. └─ggside:::guide_for_position(guides, position) 20. └─base::vapply(...) 21. └─ggside (local) FUN(X[[i]], ...) ── Error ('test_FacetNull_ggside_themes.R:11:3'): ggside.panel.scale facetNULL ── <notSubsettableError/error/condition> Error in `guide$position`: object of type 'closure' is not subsettable Backtrace: ▆ 1. └─vdiffr::expect_doppelganger(...) at test_FacetNull_ggside_themes.R:11:3 2. └─vdiffr (local) writer(fig, testcase, title) 3. ├─vdiffr:::print_plot(plot, title) 4. └─vdiffr:::print_plot.ggplot(plot, title) 5. ├─base::print(p) 6. └─ggplot2:::print.ggplot(p) 7. ├─ggplot2::ggplot_gtable(data) 8. └─ggplot2:::ggplot_gtable.ggplot_built(data) 9. └─layout$render(geom_grobs, data, theme, plot$labels) 10. └─ggplot2 (local) render(..., self = self) 11. └─self$facet$draw_panels(...) 12. └─ggside (local) draw_panels(...) 13. └─ggplot2::render_axes(ranges, ranges, coord, theme, transpose = TRUE) 14. └─base::lapply(x, coord$render_axis_h, theme) 15. └─ggplot2 (local) FUN(X[[i]], ...) 16. └─ggside (local) render_axis_h(...) 17. └─ggside:::panel_guides_grob(...) 18. ├─guide_for_position(guides, position) %||% guide_none() 19. └─ggside:::guide_for_position(guides, position) 20. └─base::vapply(...) 21. └─ggside (local) FUN(X[[i]], ...) ── Error ('test_FacetNull_ggside_themes.R:23:3'): ggside.panel.spacing facetNULL ── <notSubsettableError/error/condition> Error in `guide$position`: object of type 'closure' is not subsettable Backtrace: ▆ 1. └─vdiffr::expect_doppelganger(...) at test_FacetNull_ggside_themes.R:23:3 2. └─vdiffr (local) writer(fig, testcase, title) 3. ├─vdiffr:::print_plot(plot, title) 4. └─vdiffr:::print_plot.ggplot(plot, title) 5. ├─base::print(p) 6. └─ggplot2:::print.ggplot(p) 7. ├─ggplot2::ggplot_gtable(data) 8. └─ggplot2:::ggplot_gtable.ggplot_built(data) 9. └─layout$render(geom_grobs, data, theme, plot$labels) 10. └─ggplot2 (local) render(..., self = self) 11. └─self$facet$draw_panels(...) 12. └─ggside (local) draw_panels(...) 13. └─ggplot2::render_axes(ranges, ranges, coord, theme, transpose = TRUE) 14. └─base::lapply(x, coord$render_axis_h, theme) 15. └─ggplot2 (local) FUN(X[[i]], ...) 16. └─ggside (local) render_axis_h(...) 17. └─ggside:::panel_guides_grob(...) 18. ├─guide_for_position(guides, position) %||% guide_none() 19. └─ggside:::guide_for_position(guides, position) 20. └─base::vapply(...) 21. └─ggside (local) FUN(X[[i]], ...) ── Error ('test_FacetWrap_ggside_themes.R:11:3'): ggside.panel.scale facetWrap ── <notSubsettableError/error/condition> Error in `guide$position`: object of type 'closure' is not subsettable Backtrace: ▆ 1. └─vdiffr::expect_doppelganger(...) at test_FacetWrap_ggside_themes.R:11:3 2. └─vdiffr (local) writer(fig, testcase, title) 3. ├─vdiffr:::print_plot(plot, title) 4. └─vdiffr:::print_plot.ggplot(plot, title) 5. ├─base::print(p) 6. └─ggplot2:::print.ggplot(p) 7. ├─ggplot2::ggplot_gtable(data) 8. └─ggplot2:::ggplot_gtable.ggplot_built(data) 9. └─layout$render(geom_grobs, data, theme, plot$labels) 10. └─ggplot2 (local) render(..., self = self) 11. └─self$facet$draw_panels(...) 12. └─ggside (local) draw_panels(...) 13. └─ggplot2::render_axes(ranges, ranges, coord, theme, transpose = TRUE) 14. └─base::lapply(x, coord$render_axis_h, theme) 15. └─ggplot2 (local) FUN(X[[i]], ...) 16. └─ggside (local) render_axis_h(...) 17. └─ggside:::panel_guides_grob(...) 18. ├─guide_for_position(guides, position) %||% guide_none() 19. └─ggside:::guide_for_position(guides, position) 20. └─base::vapply(...) 21. └─ggside (local) FUN(X[[i]], ...) ── Error ('test_FacetWrap_ggside_themes.R:23:3'): ggside.panel.spacing facetWrap ── <notSubsettableError/error/condition> Error in `guide$position`: object of type 'closure' is not subsettable Backtrace: ▆ 1. └─vdiffr::expect_doppelganger(...) at test_FacetWrap_ggside_themes.R:23:3 2. └─vdiffr (local) writer(fig, testcase, title) 3. ├─vdiffr:::print_plot(plot, title) 4. └─vdiffr:::print_plot.ggplot(plot, title) 5. ├─base::print(p) 6. └─ggplot2:::print.ggplot(p) 7. ├─ggplot2::ggplot_gtable(data) 8. └─ggplot2:::ggplot_gtable.ggplot_built(data) 9. └─layout$render(geom_grobs, data, theme, plot$labels) 10. └─ggplot2 (local) render(..., self = self) 11. └─self$facet$draw_panels(...) 12. └─ggside (local) draw_panels(...) 13. └─ggplot2::render_axes(ranges, ranges, coord, theme, transpose = TRUE) 14. └─base::lapply(x, coord$render_axis_h, theme) 15. └─ggplot2 (local) FUN(X[[i]], ...) 16. └─ggside (local) render_axis_h(...) 17. └─ggside:::panel_guides_grob(...) 18. ├─guide_for_position(guides, position) %||% guide_none() 19. └─ggside:::guide_for_position(guides, position) 20. └─base::vapply(...) 21. └─ggside (local) FUN(X[[i]], ...) ── Error ('test_axis_render_position.R:10:3'): axis may be rendered in between plots ── <notSubsettableError/error/condition> Error in `guide$position`: object of type 'closure' is not subsettable Backtrace: ▆ 1. └─vdiffr::expect_doppelganger("default", p) at test_axis_render_position.R:10:3 2. └─vdiffr (local) writer(fig, testcase, title) 3. ├─vdiffr:::print_plot(plot, title) 4. └─vdiffr:::print_plot.ggplot(plot, title) 5. ├─base::print(p) 6. └─ggplot2:::print.ggplot(p) 7. ├─ggplot2::ggplot_gtable(data) 8. └─ggplot2:::ggplot_gtable.ggplot_built(data) 9. └─layout$render(geom_grobs, data, theme, plot$labels) 10. └─ggplot2 (local) render(..., self = self) 11. └─self$facet$draw_panels(...) 12. └─ggside (local) draw_panels(...) 13. └─ggplot2::render_axes(ranges, ranges, coord, theme, transpose = TRUE) 14. └─base::lapply(x, coord$render_axis_h, theme) 15. └─ggplot2 (local) FUN(X[[i]], ...) 16. └─ggside (local) render_axis_h(...) 17. └─ggside:::panel_guides_grob(...) 18. ├─guide_for_position(guides, position) %||% guide_none() 19. └─ggside:::guide_for_position(guides, position) 20. └─base::vapply(...) 21. └─ggside (local) FUN(X[[i]], ...) ── Error ('test_continuous_date_axis.R:29:3'): ggside work-around works ──────── <notSubsettableError/error/condition> Error in `guide$position`: object of type 'closure' is not subsettable Backtrace: ▆ 1. └─vdiffr::expect_doppelganger("date_x_yside", p_yside) at test_continuous_date_axis.R:29:3 2. └─vdiffr (local) writer(fig, testcase, title) 3. ├─vdiffr:::print_plot(plot, title) 4. └─vdiffr:::print_plot.ggplot(plot, title) 5. ├─base::print(p) 6. └─ggplot2:::print.ggplot(p) 7. ├─ggplot2::ggplot_gtable(data) 8. └─ggplot2:::ggplot_gtable.ggplot_built(data) 9. └─layout$render(geom_grobs, data, theme, plot$labels) 10. └─ggplot2 (local) render(..., self = self) 11. └─self$facet$draw_panels(...) 12. └─ggside (local) draw_panels(...) 13. └─ggplot2::render_axes(ranges, ranges, coord, theme, transpose = TRUE) 14. └─base::lapply(x, coord$render_axis_h, theme) 15. └─ggplot2 (local) FUN(X[[i]], ...) 16. └─ggside (local) render_axis_h(...) 17. └─ggside:::panel_guides_grob(...) 18. ├─guide_for_position(guides, position) %||% guide_none() 19. └─ggside:::guide_for_position(guides, position) 20. └─base::vapply(...) 21. └─ggside (local) FUN(X[[i]], ...) ── Error ('test_ggside_axis_polts.R:16:3'): ggside x-axis plotting ───────────── <notSubsettableError/error/condition> Error in `guide$position`: object of type 'closure' is not subsettable Backtrace: ▆ 1. └─vdiffr::expect_doppelganger("xside top", px) at test_ggside_axis_polts.R:16:3 2. └─vdiffr (local) writer(fig, testcase, title) 3. ├─vdiffr:::print_plot(plot, title) 4. └─vdiffr:::print_plot.ggplot(plot, title) 5. ├─base::print(p) 6. └─ggplot2:::print.ggplot(p) 7. ├─ggplot2::ggplot_gtable(data) 8. └─ggplot2:::ggplot_gtable.ggplot_built(data) 9. └─layout$render(geom_grobs, data, theme, plot$labels) 10. └─ggplot2 (local) render(..., self = self) 11. └─self$facet$draw_panels(...) 12. └─ggside (local) draw_panels(...) 13. └─ggplot2::render_axes(ranges, ranges, coord, theme, transpose = TRUE) 14. └─base::lapply(x, coord$render_axis_h, theme) 15. └─ggplot2 (local) FUN(X[[i]], ...) 16. └─ggside (local) render_axis_h(...) 17. └─ggside:::panel_guides_grob(...) 18. ├─guide_for_position(guides, position) %||% guide_none() 19. └─ggside:::guide_for_position(guides, position) 20. └─base::vapply(...) 21. └─ggside (local) FUN(X[[i]], ...) ── Error ('test_ggside_axis_polts.R:27:3'): ggside y-axis plotting ───────────── <notSubsettableError/error/condition> Error in `guide$position`: object of type 'closure' is not subsettable Backtrace: ▆ 1. └─vdiffr::expect_doppelganger("yside right", py) at test_ggside_axis_polts.R:27:3 2. └─vdiffr (local) writer(fig, testcase, title) 3. ├─vdiffr:::print_plot(plot, title) 4. └─vdiffr:::print_plot.ggplot(plot, title) 5. ├─base::print(p) 6. └─ggplot2:::print.ggplot(p) 7. ├─ggplot2::ggplot_gtable(data) 8. └─ggplot2:::ggplot_gtable.ggplot_built(data) 9. └─layout$render(geom_grobs, data, theme, plot$labels) 10. └─ggplot2 (local) render(..., self = self) 11. └─self$facet$draw_panels(...) 12. └─ggside (local) draw_panels(...) 13. └─ggplot2::render_axes(ranges, ranges, coord, theme, transpose = TRUE) 14. └─base::lapply(x, coord$render_axis_h, theme) 15. └─ggplot2 (local) FUN(X[[i]], ...) 16. └─ggside (local) render_axis_h(...) 17. └─ggside:::panel_guides_grob(...) 18. ├─guide_for_position(guides, position) %||% guide_none() 19. └─ggside:::guide_for_position(guides, position) 20. └─base::vapply(...) 21. └─ggside (local) FUN(X[[i]], ...) ── Error ('test_ggside_axis_polts.R:40:3'): ggside xy-axis plotting ──────────── <notSubsettableError/error/condition> Error in `guide$position`: object of type 'closure' is not subsettable Backtrace: ▆ 1. └─vdiffr::expect_doppelganger("xyside", pxy) at test_ggside_axis_polts.R:40:3 2. └─vdiffr (local) writer(fig, testcase, title) 3. ├─vdiffr:::print_plot(plot, title) 4. └─vdiffr:::print_plot.ggplot(plot, title) 5. ├─base::print(p) 6. └─ggplot2:::print.ggplot(p) 7. ├─ggplot2::ggplot_gtable(data) 8. └─ggplot2:::ggplot_gtable.ggplot_built(data) 9. └─layout$render(geom_grobs, data, theme, plot$labels) 10. └─ggplot2 (local) render(..., self = self) 11. └─self$facet$draw_panels(...) 12. └─ggside (local) draw_panels(...) 13. └─ggplot2::render_axes(ranges, ranges, coord, theme, transpose = TRUE) 14. └─base::lapply(x, coord$render_axis_h, theme) 15. └─ggplot2 (local) FUN(X[[i]], ...) 16. └─ggside (local) render_axis_h(...) 17. └─ggside:::panel_guides_grob(...) 18. ├─guide_for_position(guides, position) %||% guide_none() 19. └─ggside:::guide_for_position(guides, position) 20. └─base::vapply(...) 21. └─ggside (local) FUN(X[[i]], ...) ── Error ('test_ggside_axis_polts.R:58:3'): ggside FacetGrid strip option works ── <notSubsettableError/error/condition> Error in `guide$position`: object of type 'closure' is not subsettable Backtrace: ▆ 1. └─vdiffr::expect_doppelganger(...) at test_ggside_axis_polts.R:58:3 2. └─vdiffr (local) writer(fig, testcase, title) 3. ├─vdiffr:::print_plot(plot, title) 4. └─vdiffr:::print_plot.ggplot(plot, title) 5. ├─base::print(p) 6. └─ggplot2:::print.ggplot(p) 7. ├─ggplot2::ggplot_gtable(data) 8. └─ggplot2:::ggplot_gtable.ggplot_built(data) 9. └─layout$render(geom_grobs, data, theme, plot$labels) 10. └─ggplot2 (local) render(..., self = self) 11. └─self$facet$draw_panels(...) 12. └─ggside (local) draw_panels(...) 13. └─ggplot2::render_axes(ranges, ranges, coord, theme, transpose = TRUE) 14. └─base::lapply(x, coord$render_axis_h, theme) 15. └─ggplot2 (local) FUN(X[[i]], ...) 16. └─ggside (local) render_axis_h(...) 17. └─ggside:::panel_guides_grob(...) 18. ├─guide_for_position(guides, position) %||% guide_none() 19. └─ggside:::guide_for_position(guides, position) 20. └─base::vapply(...) 21. └─ggside (local) FUN(X[[i]], ...) ── Error ('test_ggside_extended_themes.R:14:3'): ggside themes functions work ── <notSubsettableError/error/condition> Error in `guide$position`: object of type 'closure' is not subsettable Backtrace: ▆ 1. └─vdiffr::expect_doppelganger("grey", p + theme_ggside_grey()) at test_ggside_extended_themes.R:14:3 2. └─vdiffr (local) writer(fig, testcase, title) 3. ├─vdiffr:::print_plot(plot, title) 4. └─vdiffr:::print_plot.ggplot(plot, title) 5. ├─base::print(p) 6. └─ggplot2:::print.ggplot(p) 7. ├─ggplot2::ggplot_gtable(data) 8. └─ggplot2:::ggplot_gtable.ggplot_built(data) 9. └─layout$render(geom_grobs, data, theme, plot$labels) 10. └─ggplot2 (local) render(..., self = self) 11. └─self$facet$draw_panels(...) 12. └─ggside (local) draw_panels(...) 13. └─ggplot2::render_axes(ranges, ranges, coord, theme, transpose = TRUE) 14. └─base::lapply(x, coord$render_axis_h, theme) 15. └─ggplot2 (local) FUN(X[[i]], ...) 16. └─ggside (local) render_axis_h(...) 17. └─ggside:::panel_guides_grob(...) 18. ├─guide_for_position(guides, position) %||% guide_none() 19. └─ggside:::guide_for_position(guides, position) 20. └─base::vapply(...) 21. └─ggside (local) FUN(X[[i]], ...) ── Error ('test_ggside_extended_themes.R:30:3'): ggside theme inheritence work ── <notSubsettableError/error/condition> Error in `guide$position`: object of type 'closure' is not subsettable Backtrace: ▆ 1. └─vdiffr::expect_doppelganger(...) at test_ggside_extended_themes.R:30:3 2. └─vdiffr (local) writer(fig, testcase, title) 3. ├─vdiffr:::print_plot(plot, title) 4. └─vdiffr:::print_plot.ggplot(plot, title) 5. ├─base::print(p) 6. └─ggplot2:::print.ggplot(p) 7. ├─ggplot2::ggplot_gtable(data) 8. └─ggplot2:::ggplot_gtable.ggplot_built(data) 9. └─layout$render(geom_grobs, data, theme, plot$labels) 10. └─ggplot2 (local) render(..., self = self) 11. └─self$facet$draw_panels(...) 12. └─ggside (local) draw_panels(...) 13. └─ggplot2::render_axes(ranges, ranges, coord, theme, transpose = TRUE) 14. └─base::lapply(x, coord$render_axis_h, theme) 15. └─ggplot2 (local) FUN(X[[i]], ...) 16. └─ggside (local) render_axis_h(...) 17. └─ggside:::panel_guides_grob(...) 18. ├─guide_for_position(guides, position) %||% guide_none() 19. └─ggside:::guide_for_position(guides, position) 20. └─base::vapply(...) 21. └─ggside (local) FUN(X[[i]], ...) ── Error ('test_ggside_scales.R:23:3'): xsidey and ysidex appear ─────────────── <notSubsettableError/error/condition> Error in `guide$position`: object of type 'closure' is not subsettable Backtrace: ▆ 1. └─vdiffr::expect_doppelganger("xsidey-ysidex-FacetNull", p) at test_ggside_scales.R:23:3 2. └─vdiffr (local) writer(fig, testcase, title) 3. ├─vdiffr:::print_plot(plot, title) 4. └─vdiffr:::print_plot.ggplot(plot, title) 5. ├─base::print(p) 6. └─ggplot2:::print.ggplot(p) 7. ├─ggplot2::ggplot_gtable(data) 8. └─ggplot2:::ggplot_gtable.ggplot_built(data) 9. └─layout$render(geom_grobs, data, theme, plot$labels) 10. └─ggplot2 (local) render(..., self = self) 11. └─self$facet$draw_panels(...) 12. └─ggside (local) draw_panels(...) 13. └─ggplot2::render_axes(ranges, ranges, coord, theme, transpose = TRUE) 14. └─base::lapply(x, coord$render_axis_h, theme) 15. └─ggplot2 (local) FUN(X[[i]], ...) 16. └─ggside (local) render_axis_h(...) 17. └─ggside:::panel_guides_grob(...) 18. ├─guide_for_position(guides, position) %||% guide_none() 19. └─ggside:::guide_for_position(guides, position) 20. └─base::vapply(...) 21. └─ggside (local) FUN(X[[i]], ...) ── Error ('test_vdiff_diamondplots.R:56:3'): geom_sidesegment ────────────────── <notSubsettableError/error/condition> Error in `guide$position`: object of type 'closure' is not subsettable Backtrace: ▆ 1. └─vdiffr::expect_doppelganger(...) at test_vdiff_diamondplots.R:56:3 2. └─vdiffr (local) writer(fig, testcase, title) 3. ├─vdiffr:::print_plot(plot, title) 4. └─vdiffr:::print_plot.ggplot(plot, title) 5. ├─base::print(p) 6. └─ggplot2:::print.ggplot(p) 7. ├─ggplot2::ggplot_gtable(data) 8. └─ggplot2:::ggplot_gtable.ggplot_built(data) 9. └─layout$render(geom_grobs, data, theme, plot$labels) 10. └─ggplot2 (local) render(..., self = self) 11. └─self$facet$draw_panels(...) 12. └─ggside (local) draw_panels(...) 13. └─ggplot2::render_axes(ranges, ranges, coord, theme, transpose = TRUE) 14. └─base::lapply(x, coord$render_axis_h, theme) 15. └─ggplot2 (local) FUN(X[[i]], ...) 16. └─ggside (local) render_axis_h(...) 17. └─ggside:::panel_guides_grob(...) 18. ├─guide_for_position(guides, position) %||% guide_none() 19. └─ggside:::guide_for_position(guides, position) 20. └─base::vapply(...) 21. └─ggside (local) FUN(X[[i]], ...) ── Error ('test_vdiff_diamondplots.R:66:3'): geom_sideboxplot ────────────────── <notSubsettableError/error/condition> Error in `guide$position`: object of type 'closure' is not subsettable Backtrace: ▆ 1. └─vdiffr::expect_doppelganger(title = "xySideBoxplots", p0) at test_vdiff_diamondplots.R:66:3 2. └─vdiffr (local) writer(fig, testcase, title) 3. ├─vdiffr:::print_plot(plot, title) 4. └─vdiffr:::print_plot.ggplot(plot, title) 5. ├─base::print(p) 6. └─ggplot2:::print.ggplot(p) 7. ├─ggplot2::ggplot_gtable(data) 8. └─ggplot2:::ggplot_gtable.ggplot_built(data) 9. └─layout$render(geom_grobs, data, theme, plot$labels) 10. └─ggplot2 (local) render(..., self = self) 11. └─self$facet$draw_panels(...) 12. └─ggside (local) draw_panels(...) 13. └─ggplot2::render_axes(ranges, ranges, coord, theme, transpose = TRUE) 14. └─base::lapply(x, coord$render_axis_h, theme) 15. └─ggplot2 (local) FUN(X[[i]], ...) 16. └─ggside (local) render_axis_h(...) 17. └─ggside:::panel_guides_grob(...) 18. ├─guide_for_position(guides, position) %||% guide_none() 19. └─ggside:::guide_for_position(guides, position) 20. └─base::vapply(...) 21. └─ggside (local) FUN(X[[i]], ...) ── Error ('test_vdiff_irisScatter.R:10:3'): sidedensities plot correctly ─────── <notSubsettableError/error/condition> Error in `guide$position`: object of type 'closure' is not subsettable Backtrace: ▆ 1. └─vdiffr::expect_doppelganger("Basic Side Density", p1) at test_vdiff_irisScatter.R:10:3 2. └─vdiffr (local) writer(fig, testcase, title) 3. ├─vdiffr:::print_plot(plot, title) 4. └─vdiffr:::print_plot.ggplot(plot, title) 5. ├─base::print(p) 6. └─ggplot2:::print.ggplot(p) 7. ├─ggplot2::ggplot_gtable(data) 8. └─ggplot2:::ggplot_gtable.ggplot_built(data) 9. └─layout$render(geom_grobs, data, theme, plot$labels) 10. └─ggplot2 (local) render(..., self = self) 11. └─self$facet$draw_panels(...) 12. └─ggside (local) draw_panels(...) 13. └─ggplot2::render_axes(ranges, ranges, coord, theme, transpose = TRUE) 14. └─base::lapply(x, coord$render_axis_h, theme) 15. └─ggplot2 (local) FUN(X[[i]], ...) 16. └─ggside (local) render_axis_h(...) 17. └─ggside:::panel_guides_grob(...) 18. ├─guide_for_position(guides, position) %||% guide_none() 19. └─ggside:::guide_for_position(guides, position) 20. └─base::vapply(...) 21. └─ggside (local) FUN(X[[i]], ...) ── Error ('test_vdiff_irisScatter.R:28:3'): sidehistograms plot correctly ────── <notSubsettableError/error/condition> Error in `guide$position`: object of type 'closure' is not subsettable Backtrace: ▆ 1. └─vdiffr::expect_doppelganger("Basic Side histo", p1) at test_vdiff_irisScatter.R:28:3 2. └─vdiffr (local) writer(fig, testcase, title) 3. ├─vdiffr:::print_plot(plot, title) 4. └─vdiffr:::print_plot.ggplot(plot, title) 5. ├─base::print(p) 6. └─ggplot2:::print.ggplot(p) 7. ├─ggplot2::ggplot_gtable(data) 8. └─ggplot2:::ggplot_gtable.ggplot_built(data) 9. └─layout$render(geom_grobs, data, theme, plot$labels) 10. └─ggplot2 (local) render(..., self = self) 11. └─self$facet$draw_panels(...) 12. └─ggside (local) draw_panels(...) 13. └─ggplot2::render_axes(ranges, ranges, coord, theme, transpose = TRUE) 14. └─base::lapply(x, coord$render_axis_h, theme) 15. └─ggplot2 (local) FUN(X[[i]], ...) 16. └─ggside (local) render_axis_h(...) 17. └─ggside:::panel_guides_grob(...) 18. ├─guide_for_position(guides, position) %||% guide_none() 19. └─ggside:::guide_for_position(guides, position) 20. └─base::vapply(...) 21. └─ggside (local) FUN(X[[i]], ...) [ FAIL 19 | WARN 10 | SKIP 3 | PASS 86 ] Deleting unused snapshots: • FacetGrid_ggside_themes/grid-xside-ggside-panel-scale-5.svg • FacetGrid_ggside_themes/grid-xside-ggside-panel-scale-y-5.svg • FacetGrid_ggside_themes/grid-xside-ggside-panel-spacing-10pt.svg • FacetGrid_ggside_themes/grid-xside-ggside-panel-spacing-y-10pt.svg • FacetGrid_ggside_themes/grid-xyside-ggside-panel-scale-5.svg • FacetGrid_ggside_themes/grid-xyside-ggside-panel-scale-x-5.svg • FacetGrid_ggside_themes/grid-xyside-ggside-panel-scale-y-5.svg • FacetGrid_ggside_themes/grid-xyside-ggside-panel-spacing-10pt.svg • FacetGrid_ggside_themes/grid-xyside-ggside-panel-spacing-x-10pt.svg • FacetGrid_ggside_themes/grid-xyside-ggside-panel-spacing-y-10pt.svg • FacetGrid_ggside_themes/grid-yside-ggside-panel-scale-5.svg • FacetGrid_ggside_themes/grid-yside-ggside-panel-scale-x-5.svg • FacetGrid_ggside_themes/grid-yside-ggside-panel-scale-y-5.svg • FacetGrid_ggside_themes/grid-yside-ggside-panel-spacing-10pt.svg • FacetGrid_ggside_themes/grid-yside-ggside-panel-spacing-x-10pt.svg • FacetGrid_ggside_themes/grid-yside-ggside-panel-spacing-y-10pt.svg • FacetNull_ggside_themes/xside-ggside-panel-scale-5.svg • FacetNull_ggside_themes/xside-ggside-panel-scale-y-5.svg • FacetNull_ggside_themes/xside-ggside-panel-spacing-10pt.svg • FacetNull_ggside_themes/xside-ggside-panel-spacing-y-10pt.svg • FacetNull_ggside_themes/xyside-ggside-panel-scale-5.svg • FacetNull_ggside_themes/xyside-ggside-panel-scale-x-5.svg • FacetNull_ggside_themes/xyside-ggside-panel-scale-y-5.svg • FacetNull_ggside_themes/xyside-ggside-panel-spacing-10pt.svg • FacetNull_ggside_themes/xyside-ggside-panel-spacing-x-10pt.svg • FacetNull_ggside_themes/xyside-ggside-panel-spacing-y-10pt.svg • FacetNull_ggside_themes/yside-ggside-panel-scale-5.svg • FacetNull_ggside_themes/yside-ggside-panel-scale-x-5.svg • FacetNull_ggside_themes/yside-ggside-panel-scale-y-5.svg • FacetNull_ggside_themes/yside-ggside-panel-spacing-10pt.svg • FacetNull_ggside_themes/yside-ggside-panel-spacing-x-10pt.svg • FacetNull_ggside_themes/yside-ggside-panel-spacing-y-10pt.svg • FacetWrap_ggside_themes/wrap-xside-ggside-panel-scale-5.svg • FacetWrap_ggside_themes/wrap-xside-ggside-panel-scale-y-5.svg • FacetWrap_ggside_themes/wrap-xside-ggside-panel-spacing-10pt.svg • FacetWrap_ggside_themes/wrap-xside-ggside-panel-spacing-y-10pt.svg • FacetWrap_ggside_themes/wrap-xyside-ggside-panel-scale-5.svg • FacetWrap_ggside_themes/wrap-xyside-ggside-panel-scale-x-5.svg • FacetWrap_ggside_themes/wrap-xyside-ggside-panel-scale-y-5.svg • FacetWrap_ggside_themes/wrap-xyside-ggside-panel-spacing-10pt.svg • FacetWrap_ggside_themes/wrap-xyside-ggside-panel-spacing-x-10pt.svg • FacetWrap_ggside_themes/wrap-xyside-ggside-panel-spacing-y-10pt.svg • FacetWrap_ggside_themes/wrap-yside-ggside-panel-scale-5.svg • FacetWrap_ggside_themes/wrap-yside-ggside-panel-scale-x-5.svg • FacetWrap_ggside_themes/wrap-yside-ggside-panel-scale-y-5.svg • FacetWrap_ggside_themes/wrap-yside-ggside-panel-spacing-10pt.svg • FacetWrap_ggside_themes/wrap-yside-ggside-panel-spacing-x-10pt.svg • FacetWrap_ggside_themes/wrap-yside-ggside-panel-spacing-y-10pt.svg • axis_render_position/grid-default.svg • axis_render_position/grid-x-on-main-pos-bot.svg • axis_render_position/grid-x-on-main-top.svg • axis_render_position/grid-x-on-side-pos-bot.svg • axis_render_position/grid-x-on-side.svg • axis_render_position/grid-y-on-main-pos-left.svg • axis_render_position/grid-y-on-main-right.svg • axis_render_position/grid-y-on-side-pos-left.svg • axis_render_position/grid-y-on-side.svg • axis_render_position/wrap-default.svg • axis_render_position/wrap-x-on-main-pos-bot.svg • axis_render_position/wrap-x-on-main-top.svg • axis_render_position/wrap-x-on-side-pos-bot.svg • axis_render_position/wrap-x-on-side.svg • axis_render_position/wrap-y-on-main-pos-left.svg • axis_render_position/wrap-y-on-main-right.svg • axis_render_position/wrap-y-on-side-pos-left.svg • axis_render_position/wrap-y-on-side.svg • axis_render_position/x-on-main-pos-bot.svg • axis_render_position/x-on-main-top.svg • axis_render_position/x-on-side-pos-bot.svg • axis_render_position/x-on-side.svg • axis_render_position/y-on-main-pos-left.svg • axis_render_position/y-on-main-right.svg • axis_render_position/y-on-side-pos-left.svg • axis_render_position/y-on-side.svg • continuous_date_axis/date-x-both.svg • continuous_date_axis/date-x-xside.svg • ggside_axis_polts/xside-bot-pos-top-grid.svg • ggside_axis_polts/xside-bot-pos-top.svg • ggside_axis_polts/xside-bottom.svg • ggside_axis_polts/xside-top-noaxis.svg • ggside_axis_polts/xside-top-pos-top-wrap.svg • ggside_axis_polts/xside-top-pos-top.svg • ggside_axis_polts/xyside-facet-grid.svg • ggside_axis_polts/xyside-lb-pos-swap.svg • ggside_axis_polts/xyside-lb.svg • ggside_axis_polts/xyside-no-x-text.svg • ggside_axis_polts/xyside-no-y-text.svg • ggside_axis_polts/xyside-xb-pos-top.svg • ggside_axis_polts/xyside-xb.svg • ggside_axis_polts/xyside-yl-pos-right.svg • ggside_axis_polts/xyside-yl.svg • ggside_axis_polts/yside-left-pos-right-grid.svg • ggside_axis_polts/yside-left-pos-right.svg • ggside_axis_polts/yside-left.svg • ggside_axis_polts/yside-right-noaxis.svg • ggside_axis_polts/yside-right-pos-right-wrap.svg • ggside_axis_polts/yside-right-pos-right.svg • ggside_extended_themes/bw.svg • ggside_extended_themes/classic.svg • ggside_extended_themes/dark.svg • ggside_extended_themes/gray.svg • ggside_extended_themes/light.svg • ggside_extended_themes/linedraw.svg • ggside_extended_themes/minimal.svg • ggside_extended_themes/side-panel-background.svg • ggside_extended_themes/side-panel-border.svg • ggside_extended_themes/void.svg • ggside_scales/xsidey-ysidex-facetgrid.svg • ggside_scales/xsidey-ysidex-facetwrap.svg • non_aes_mapping_legend/non-aes-color-blue.svg • non_aes_mapping_legend/non-aes-xcolor-red.svg • vdiff_irisScatter/collapsed-histo.svg • vdiff_irisScatter/facetgrid-collapsed-density.svg • vdiff_irisScatter/facetgrid-histo.svg • vdiff_irisScatter/facetgrid-side-density.svg • vdiff_irisScatter/stacked-side-density.svg • vdiff_irisScatter/yside-histo.svg Error: Test failures Execution halted Flavor: r-devel-linux-x86_64-fedora-gcc