CRAN Package Check Results for Package ggsoccer

Last updated on 2022-01-16 22:51:14 CET.

Flavor Version Tinstall Tcheck Ttotal Status Flags
r-devel-linux-x86_64-debian-clang 0.1.6 3.95 57.57 61.52 NOTE
r-devel-linux-x86_64-debian-gcc 0.1.6 3.31 43.44 46.75 NOTE
r-devel-linux-x86_64-fedora-clang 0.1.6 75.94 NOTE
r-devel-linux-x86_64-fedora-gcc 0.1.6 62.25 NOTE
r-devel-windows-x86_64-new-UL 0.1.6 43.00 74.00 117.00 NOTE
r-devel-windows-x86_64-new-TK 0.1.6 NOTE
r-patched-linux-x86_64 0.1.6 3.14 54.52 57.66 NOTE
r-release-linux-x86_64 0.1.6 NOTE
r-release-macos-arm64 0.1.6 NOTE
r-release-macos-x86_64 0.1.6 NOTE
r-release-windows-ix86+x86_64 0.1.6 12.00 68.00 80.00 NOTE
r-oldrel-macos-x86_64 0.1.6 OK
r-oldrel-windows-ix86+x86_64 0.1.6 13.00 68.00 81.00 OK

Check Details

Version: 0.1.6
Check: LazyData
Result: NOTE
     'LazyData' is specified without a 'data' directory
Flavors: r-devel-linux-x86_64-debian-clang, r-devel-linux-x86_64-debian-gcc, r-devel-linux-x86_64-fedora-clang, r-devel-linux-x86_64-fedora-gcc, r-devel-windows-x86_64-new-UL, r-devel-windows-x86_64-new-TK, r-patched-linux-x86_64, r-release-linux-x86_64, r-release-macos-arm64, r-release-macos-x86_64, r-release-windows-ix86+x86_64