CRAN Package Check Results for Package ggstance

Last updated on 2021-12-07 22:59:31 CET.

Flavor Version Tinstall Tcheck Ttotal Status Flags
r-devel-linux-x86_64-debian-clang 0.3.5 7.58 75.38 82.96 NOTE
r-devel-linux-x86_64-debian-gcc 0.3.5 5.06 55.95 61.01 NOTE
r-devel-linux-x86_64-fedora-clang 0.3.5 99.82 NOTE
r-devel-linux-x86_64-fedora-gcc 0.3.5 85.10 NOTE
r-devel-windows-x86_64-new-UL 0.3.5 20.00 104.00 124.00 NOTE
r-devel-windows-x86_64-new-TK 0.3.5 NOTE
r-devel-windows-x86_64-old 0.3.5 12.00 88.00 100.00 NOTE
r-patched-linux-x86_64 0.3.5 6.22 68.87 75.09 NOTE
r-release-linux-x86_64 0.3.5 5.83 68.72 74.55 NOTE
r-release-macos-arm64 0.3.5 NOTE
r-release-macos-x86_64 0.3.5 NOTE
r-release-windows-ix86+x86_64 0.3.5 12.00 75.00 87.00 NOTE
r-oldrel-macos-x86_64 0.3.5 OK
r-oldrel-windows-ix86+x86_64 0.3.5 16.00 93.00 109.00 OK

Check Details

Version: 0.3.5
Check: LazyData
Result: NOTE
     'LazyData' is specified without a 'data' directory
Flavors: r-devel-linux-x86_64-debian-clang, r-devel-linux-x86_64-debian-gcc, r-devel-linux-x86_64-fedora-clang, r-devel-linux-x86_64-fedora-gcc, r-devel-windows-x86_64-new-UL, r-devel-windows-x86_64-new-TK, r-devel-windows-x86_64-old, r-patched-linux-x86_64, r-release-linux-x86_64, r-release-macos-arm64, r-release-macos-x86_64, r-release-windows-ix86+x86_64