CRAN Package Check Results for Package ggthemes

Last updated on 2022-01-23 22:49:42 CET.

Flavor Version Tinstall Tcheck Ttotal Status Flags
r-devel-linux-x86_64-debian-clang 4.2.4 8.61 117.38 125.99 OK
r-devel-linux-x86_64-debian-gcc 4.2.4 8.28 95.01 103.29 OK
r-devel-linux-x86_64-fedora-clang 4.2.4 148.40 NOTE
r-devel-linux-x86_64-fedora-gcc 4.2.4 132.97 NOTE
r-devel-windows-x86_64-new-UL 4.2.4 186.00 149.00 335.00 OK
r-devel-windows-x86_64-new-TK 4.2.4 NOTE
r-patched-linux-x86_64 4.2.4 15.52 105.29 120.81 OK
r-release-linux-x86_64 4.2.4 6.99 105.54 112.53 OK
r-release-macos-arm64 4.2.4 NOTE
r-release-macos-x86_64 4.2.4 NOTE
r-release-windows-ix86+x86_64 4.2.4 21.00 133.00 154.00 OK
r-oldrel-macos-x86_64 4.2.4 NOTE
r-oldrel-windows-ix86+x86_64 4.2.4 21.00 130.00 151.00 OK

Check Details

Version: 4.2.4
Check: data for non-ASCII characters
Result: NOTE
     Note: found 138 marked UTF-8 strings
Flavors: r-devel-linux-x86_64-fedora-clang, r-devel-linux-x86_64-fedora-gcc, r-devel-windows-x86_64-new-TK, r-release-macos-arm64, r-release-macos-x86_64, r-oldrel-macos-x86_64