CRAN Package Check Results for Package ghee

Last updated on 2021-11-30 22:54:32 CET.

Flavor Version Tinstall Tcheck Ttotal Status Flags
r-devel-linux-x86_64-debian-clang 0.1.0 2.13 21.29 23.42 NOTE
r-devel-linux-x86_64-debian-gcc 0.1.0 1.89 18.88 20.77 NOTE
r-devel-linux-x86_64-fedora-clang 0.1.0 41.37 NOTE
r-devel-linux-x86_64-fedora-gcc 0.1.0 29.48 NOTE
r-devel-windows-x86_64-new-UL 0.1.0 8.00 55.00 63.00 NOTE
r-devel-windows-x86_64-new-TK 0.1.0 NOTE
r-devel-windows-x86_64-old 0.1.0 4.00 30.00 34.00 NOTE
r-patched-linux-x86_64 0.1.0 2.37 20.94 23.31 NOTE
r-patched-solaris-x86 0.1.0 44.50 NOTE
r-release-linux-x86_64 0.1.0 1.87 21.17 23.04 NOTE
r-release-macos-arm64 0.1.0 NOTE
r-release-macos-x86_64 0.1.0 NOTE
r-release-windows-ix86+x86_64 0.1.0 5.00 31.00 36.00 NOTE
r-oldrel-macos-x86_64 0.1.0 OK
r-oldrel-windows-ix86+x86_64 0.1.0 4.00 31.00 35.00 OK

Check Details

Version: 0.1.0
Check: LazyData
Result: NOTE
     'LazyData' is specified without a 'data' directory
Flavors: r-devel-linux-x86_64-debian-clang, r-devel-linux-x86_64-debian-gcc, r-devel-linux-x86_64-fedora-clang, r-devel-linux-x86_64-fedora-gcc, r-devel-windows-x86_64-new-UL, r-devel-windows-x86_64-new-TK, r-devel-windows-x86_64-old, r-patched-linux-x86_64, r-patched-solaris-x86, r-release-linux-x86_64, r-release-macos-arm64, r-release-macos-x86_64, r-release-windows-ix86+x86_64

Version: 0.1.0
Check: Rd cross-references
Result: NOTE
    Undeclared package ‘usethis’ in Rd xrefs
Flavor: r-devel-linux-x86_64-fedora-clang