CRAN Package Check Results for Package ghibli

Last updated on 2022-01-25 22:56:58 CET.

Flavor Version Tinstall Tcheck Ttotal Status Flags
r-devel-linux-x86_64-debian-clang 0.3.2 2.28 40.58 42.86 OK
r-devel-linux-x86_64-debian-gcc 0.3.2 1.48 31.14 32.62 OK
r-devel-linux-x86_64-fedora-clang 0.3.2 51.54 OK
r-devel-linux-x86_64-fedora-gcc 0.3.2 40.50 OK
r-devel-windows-x86_64-new-UL 0.3.2 38.00 70.00 108.00 OK
r-devel-windows-x86_64-new-TK 0.3.2 OK
r-patched-linux-x86_64 0.3.2 1.82 36.80 38.62 OK
r-release-linux-x86_64 0.3.2 2.18 37.33 39.51 OK
r-release-macos-arm64 0.3.2 OK
r-release-macos-x86_64 0.3.2 OK
r-release-windows-ix86+x86_64 0.3.2 5.00 50.00 55.00 OK
r-oldrel-macos-x86_64 0.3.2 NOTE
r-oldrel-windows-ix86+x86_64 0.3.2 6.00 50.00 56.00 OK

Check Details

Version: 0.3.2
Check: package dependencies
Result: NOTE
    Package suggested but not available for checking: ‘codemetar’
Flavor: r-oldrel-macos-x86_64