Last updated on 2023-03-29 23:09:04 CEST.
Flavor | Version | Tinstall | Tcheck | Ttotal | Status | Flags |
---|---|---|---|---|---|---|
r-devel-linux-x86_64-debian-clang | 1.1.0 | 33.59 | 270.67 | 304.26 | OK | |
r-devel-linux-x86_64-debian-gcc | 1.1.0 | 28.32 | 197.11 | 225.43 | OK | |
r-devel-linux-x86_64-fedora-clang | 1.1.0 | 378.40 | NOTE | |||
r-devel-linux-x86_64-fedora-gcc | 1.1.0 | 413.39 | NOTE | |||
r-devel-windows-x86_64 | 1.1.0 | 81.00 | 0.00 | 81.00 | OK | |
r-patched-linux-x86_64 | 1.1.0 | 34.73 | 254.46 | 289.19 | OK | |
r-release-linux-x86_64 | 1.1.0 | 28.85 | 262.54 | 291.39 | OK | |
r-release-macos-arm64 | 1.1.0 | 96.00 | NOTE | |||
r-release-macos-x86_64 | 1.1.0 | 165.00 | NOTE | |||
r-release-windows-x86_64 | 1.1.0 | 77.00 | 318.00 | 395.00 | OK | |
r-oldrel-macos-arm64 | 1.1.0 | 105.00 | NOTE | |||
r-oldrel-macos-x86_64 | 1.1.0 | 126.00 | NOTE | |||
r-oldrel-windows-ix86+x86_64 | 1.1.0 | 57.00 | 334.00 | 391.00 | OK |
Version: 1.1.0
Check: dependencies in R code
Result: NOTE
Namespace in Imports field not imported from: ‘methods’
All declared Imports should be used.
Flavors: r-devel-linux-x86_64-fedora-clang, r-devel-linux-x86_64-fedora-gcc, r-release-macos-arm64, r-release-macos-x86_64, r-oldrel-macos-arm64, r-oldrel-macos-x86_64
Version: 1.1.0
Check: data for non-ASCII characters
Result: NOTE
Note: found 11 marked UTF-8 strings
Flavors: r-devel-linux-x86_64-fedora-clang, r-devel-linux-x86_64-fedora-gcc, r-release-macos-arm64, r-release-macos-x86_64, r-oldrel-macos-arm64, r-oldrel-macos-x86_64