CRAN Package Check Results for Package gif

Last updated on 2021-12-04 22:59:35 CET.

Flavor Version Tinstall Tcheck Ttotal Status Flags
r-devel-linux-x86_64-debian-clang 0.1.0 33.42 74.45 107.87 OK
r-devel-linux-x86_64-debian-gcc 0.1.0 28.30 60.10 88.40 OK
r-devel-linux-x86_64-fedora-clang 0.1.0 149.50 NOTE
r-devel-linux-x86_64-fedora-gcc 0.1.0 134.55 OK
r-devel-windows-x86_64-new-UL 0.1.0 47.00 133.00 180.00 OK
r-devel-windows-x86_64-new-TK 0.1.0 OK
r-devel-windows-x86_64-old 0.1.0 45.00 86.00 131.00 OK
r-patched-linux-x86_64 0.1.0 32.77 65.86 98.63 OK
r-release-linux-x86_64 0.1.0 36.46 65.27 101.73 OK
r-release-macos-arm64 0.1.0 NOTE
r-release-macos-x86_64 0.1.0 NOTE
r-release-windows-ix86+x86_64 0.1.0 86.00 128.00 214.00 OK
r-oldrel-macos-x86_64 0.1.0 NOTE
r-oldrel-windows-ix86+x86_64 0.1.0 85.00 126.00 211.00 OK

Check Details

Version: 0.1.0
Check: installed package size
Result: NOTE
     installed size is 5.5Mb
     sub-directories of 1Mb or more:
     doc 1.1Mb
     libs 4.1Mb
Flavors: r-devel-linux-x86_64-fedora-clang, r-release-macos-arm64, r-release-macos-x86_64, r-oldrel-macos-x86_64