CRAN Package Check Results for Package git2rdata

Last updated on 2022-01-21 23:01:51 CET.

Flavor Version Tinstall Tcheck Ttotal Status Flags
r-devel-linux-x86_64-debian-clang 0.3.1 3.29 73.30 76.59 NOTE
r-devel-linux-x86_64-debian-gcc 0.3.1 3.15 55.85 59.00 NOTE
r-devel-linux-x86_64-fedora-clang 0.3.1 88.92 NOTE
r-devel-linux-x86_64-fedora-gcc 0.3.1 76.44 NOTE
r-devel-windows-x86_64-new-UL 0.3.1 80.00 0.00 80.00 FAIL
r-devel-windows-x86_64-new-TK 0.3.1 NOTE
r-patched-linux-x86_64 0.3.1 4.25 74.31 78.56 NOTE
r-release-linux-x86_64 0.3.1 3.64 74.47 78.11 NOTE
r-release-macos-arm64 0.3.1 NOTE
r-release-macos-x86_64 0.3.1 NOTE
r-release-windows-ix86+x86_64 0.3.1 8.00 106.00 114.00 NOTE
r-oldrel-macos-x86_64 0.3.1 OK
r-oldrel-windows-ix86+x86_64 0.3.1 8.00 93.00 101.00 OK

Check Details

Version: 0.3.1
Check: LazyData
Result: NOTE
     'LazyData' is specified without a 'data' directory
Flavors: r-devel-linux-x86_64-debian-clang, r-devel-linux-x86_64-debian-gcc, r-devel-linux-x86_64-fedora-clang, r-devel-linux-x86_64-fedora-gcc, r-devel-windows-x86_64-new-UL, r-devel-windows-x86_64-new-TK, r-patched-linux-x86_64, r-release-linux-x86_64, r-release-macos-arm64, r-release-macos-x86_64, r-release-windows-ix86+x86_64

Version: 0.3.1
Check: tests
Result: FAIL
    Check process probably crashed or hung up for 20 minutes ... killed
    Most likely this happened in the example checks (?),
    if not, ignore the following last lines of example output:
    Warning in file.remove(rev(list.files(repo_path, full.names = TRUE, recursive = TRUE, :
     cannot remove file 'D:\temp\Rtmpgp9iSi\git2rdata-repo-1151c55acb0d/.git/objects/27', reason 'Permission denied'
    Warning in file.remove(rev(list.files(repo_path, full.names = TRUE, recursive = TRUE, :
     cannot remove file 'D:\temp\Rtmpgp9iSi\git2rdata-repo-1151c55acb0d/.git/objects', reason 'Permission denied'
    Warning in file.remove(rev(list.files(repo_path, full.names = TRUE, recursive = TRUE, :
     cannot remove file 'D:\temp\Rtmpgp9iSi\git2rdata-repo-1151c55acb0d/.git/info', reason 'Permission denied'
    Warning in file.remove(rev(list.files(repo_path, full.names = TRUE, recursive = TRUE, :
     cannot remove file 'D:\temp\Rtmpgp9iSi\git2rdata-repo-1151c55acb0d/.git/hooks', reason 'Permission denied'
    Warning in file.remove(rev(list.files(repo_path, full.names = TRUE, recursive = TRUE, :
     cannot remove file 'D:\temp\Rtmpgp9iSi\git2rdata-repo-1151c55acb0d/.git', reason 'Permission denied'
    Warning in file.remove(rev(list.files(repo_path, full.names = TRUE, recursive = TRUE, :
     cannot remove file 'D:\temp\Rtmpgp9iSi\git2rdata-repo-1151c55acb0d', reason 'Permission denied'
    >
    >
    >
    > ### * <FOOTER>
    > ###
    > cleanEx()
    > options(digits = 7L)
    > base::cat("Time elapsed: ", proc.time() - base::get("ptime", pos = 'CheckExEnv'),"\n")
    Time elapsed: 2.2 1.33 9 NA NA
    > grDevices::dev.off()
    null device
     1
    > ###
    > ### Local variables: ***
    > ### mode: outline-minor ***
    > ### outline-regexp: "\\(> \\)?### [*]+" ***
    > ### End: ***
    > quit('no')
    ======== End of example output (where/before crash/hang up occured ?) ========
Flavor: r-devel-windows-x86_64-new-UL