CRAN Package Check Results for Package gjam

Last updated on 2021-11-28 22:51:15 CET.

Flavor Version Tinstall Tcheck Ttotal Status Flags
r-devel-linux-x86_64-debian-clang 2.5 OK
r-devel-linux-x86_64-debian-gcc 2.5 43.84 82.62 126.46 OK
r-devel-linux-x86_64-fedora-clang 2.5 234.18 OK
r-devel-linux-x86_64-fedora-gcc 2.5 215.14 OK
r-devel-windows-x86_64-new-UL 2.5 86.00 173.00 259.00 OK
r-devel-windows-x86_64-new-TK 2.5 OK
r-devel-windows-x86_64-old 2.5 61.00 142.00 203.00 OK
r-patched-linux-x86_64 2.5 55.15 106.82 161.97 OK
r-patched-solaris-x86 2.5 212.30 OK
r-release-linux-x86_64 2.5 54.96 109.60 164.56 OK
r-release-macos-arm64 2.5 NOTE
r-release-macos-x86_64 2.5 OK
r-release-windows-ix86+x86_64 2.5 125.00 116.00 241.00 OK
r-oldrel-macos-x86_64 2.5 OK
r-oldrel-windows-ix86+x86_64 2.5 95.00 147.00 242.00 OK

Check Details

Version: 2.5
Check: installed package size
Result: NOTE
     installed size is 5.2Mb
     sub-directories of 1Mb or more:
     libs 3.8Mb
Flavor: r-release-macos-arm64