Last updated on 2023-05-29 23:03:46 CEST.
Flavor | Version | Tinstall | Tcheck | Ttotal | Status | Flags |
---|---|---|---|---|---|---|
r-devel-linux-x86_64-debian-clang | 1.4.1 | 352.73 | 352.30 | 705.03 | OK | |
r-devel-linux-x86_64-debian-gcc | 1.4.1 | 329.78 | 268.25 | 598.03 | OK | |
r-devel-linux-x86_64-fedora-clang | 1.4.1 | 792.25 | NOTE | |||
r-devel-linux-x86_64-fedora-gcc | 1.4.1 | 1027.53 | OK | |||
r-devel-windows-x86_64 | 1.4.1 | 238.00 | 305.00 | 543.00 | NOTE | |
r-patched-linux-x86_64 | 1.4.1 | 325.07 | 355.44 | 680.51 | OK | |
r-release-linux-x86_64 | 1.4.1 | 282.28 | 348.44 | 630.72 | OK | |
r-release-macos-arm64 | 1.4.1 | 287.00 | NOTE | |||
r-release-macos-x86_64 | 1.4.1 | 416.00 | NOTE | |||
r-release-windows-x86_64 | 1.4.1 | 329.00 | 369.00 | 698.00 | NOTE | |
r-oldrel-macos-arm64 | 1.4.1 | 263.00 | NOTE | |||
r-oldrel-macos-x86_64 | 1.4.1 | 333.00 | NOTE | |||
r-oldrel-windows-x86_64 | 1.4.1 | 317.00 | 354.00 | 671.00 | NOTE |
Version: 1.4.1
Check: installed package size
Result: NOTE
installed size is 5.8Mb
sub-directories of 1Mb or more:
doc 1.4Mb
libs 3.5Mb
Flavors: r-devel-linux-x86_64-fedora-clang, r-devel-windows-x86_64, r-release-macos-arm64, r-release-macos-x86_64, r-release-windows-x86_64, r-oldrel-macos-arm64, r-oldrel-macos-x86_64, r-oldrel-windows-x86_64