CRAN Package Check Results for Package glm.deploy

Last updated on 2021-11-30 22:54:32 CET.

Flavor Version Tinstall Tcheck Ttotal Status Flags
r-devel-linux-x86_64-debian-clang 1.0.4 18.49 27.88 46.37 NOTE
r-devel-linux-x86_64-debian-gcc 1.0.4 14.29 24.10 38.39 NOTE
r-devel-linux-x86_64-fedora-clang 1.0.4 78.34 NOTE
r-devel-linux-x86_64-fedora-gcc 1.0.4 63.41 NOTE
r-devel-windows-x86_64-new-UL 1.0.4 29.00 89.00 118.00 NOTE
r-devel-windows-x86_64-new-TK 1.0.4 NOTE
r-devel-windows-x86_64-old 1.0.4 28.00 44.00 72.00 NOTE
r-patched-linux-x86_64 1.0.4 16.42 27.42 43.84 NOTE
r-patched-solaris-x86 1.0.4 77.60 NOTE
r-release-linux-x86_64 1.0.4 17.66 27.63 45.29 NOTE
r-release-macos-arm64 1.0.4 NOTE
r-release-macos-x86_64 1.0.4 NOTE
r-release-windows-ix86+x86_64 1.0.4 52.00 55.00 107.00 NOTE
r-oldrel-macos-x86_64 1.0.4 OK
r-oldrel-windows-ix86+x86_64 1.0.4 41.00 78.00 119.00 OK

Check Details

Version: 1.0.4
Check: LazyData
Result: NOTE
     'LazyData' is specified without a 'data' directory
Flavors: r-devel-linux-x86_64-debian-clang, r-devel-linux-x86_64-debian-gcc, r-devel-linux-x86_64-fedora-clang, r-devel-linux-x86_64-fedora-gcc, r-devel-windows-x86_64-new-UL, r-devel-windows-x86_64-new-TK, r-devel-windows-x86_64-old, r-patched-linux-x86_64, r-patched-solaris-x86, r-release-linux-x86_64, r-release-macos-arm64, r-release-macos-x86_64, r-release-windows-ix86+x86_64