Last updated on 2023-06-03 22:56:42 CEST.
Flavor | Version | Tinstall | Tcheck | Ttotal | Status | Flags |
---|---|---|---|---|---|---|
r-devel-linux-x86_64-debian-clang | 0.2.2 | 4.10 | 117.07 | 121.17 | NOTE | |
r-devel-linux-x86_64-debian-gcc | 0.2.2 | 3.30 | 88.57 | 91.87 | NOTE | |
r-devel-linux-x86_64-fedora-clang | 0.2.2 | 149.21 | NOTE | |||
r-devel-linux-x86_64-fedora-gcc | 0.2.2 | 157.14 | NOTE | |||
r-devel-windows-x86_64 | 0.2.2 | 8.00 | 104.00 | 112.00 | NOTE | |
r-patched-linux-x86_64 | 0.2.2 | NOTE | ||||
r-release-linux-x86_64 | 0.2.2 | 4.00 | 116.27 | 120.27 | NOTE | |
r-release-macos-arm64 | 0.2.2 | 49.00 | NOTE | |||
r-release-macos-x86_64 | 0.2.2 | 77.00 | NOTE | |||
r-release-windows-x86_64 | 0.2.2 | 10.00 | 126.00 | 136.00 | NOTE | |
r-oldrel-macos-arm64 | 0.2.2 | 41.00 | NOTE | |||
r-oldrel-macos-x86_64 | 0.2.2 | 61.00 | NOTE | |||
r-oldrel-windows-x86_64 | 0.2.2 | 11.00 | 125.00 | 136.00 | NOTE |
Version: 0.2.2
Check: LazyData
Result: NOTE
'LazyData' is specified without a 'data' directory
Flavors: r-devel-linux-x86_64-debian-clang, r-devel-linux-x86_64-debian-gcc, r-devel-linux-x86_64-fedora-clang, r-devel-linux-x86_64-fedora-gcc, r-devel-windows-x86_64, r-patched-linux-x86_64, r-release-linux-x86_64, r-release-macos-arm64, r-release-macos-x86_64, r-release-windows-x86_64, r-oldrel-macos-arm64, r-oldrel-macos-x86_64, r-oldrel-windows-x86_64