CRAN Package Check Results for Package glmnet

Last updated on 2021-12-05 22:48:53 CET.

Flavor Version Tinstall Tcheck Ttotal Status Flags
r-devel-linux-x86_64-debian-clang 4.1-3 84.24 277.79 362.03 OK
r-devel-linux-x86_64-debian-gcc 4.1-3 61.03 211.17 272.20 OK
r-devel-linux-x86_64-fedora-clang 4.1-3 457.64 NOTE
r-devel-linux-x86_64-fedora-gcc 4.1-3 437.58 OK
r-devel-windows-x86_64-new-UL 4.1-3 116.00 502.00 618.00 OK
r-devel-windows-x86_64-new-TK 4.1-3 OK
r-devel-windows-x86_64-old 4.1-3 106.00 295.00 401.00 OK
r-patched-linux-x86_64 4.1-3 75.11 274.35 349.46 OK
r-release-linux-x86_64 4.1-3 74.69 280.27 354.96 OK
r-release-macos-arm64 4.1-3 NOTE
r-release-macos-x86_64 4.1-3 NOTE
r-release-windows-ix86+x86_64 4.1-3 190.00 455.00 645.00 NOTE
r-oldrel-macos-x86_64 4.1-3 NOTE
r-oldrel-windows-ix86+x86_64 4.1-3 189.00 460.00 649.00 NOTE

Check Details

Version: 4.1-3
Check: installed package size
Result: NOTE
     installed size is 10.4Mb
     sub-directories of 1Mb or more:
     libs 8.3Mb
Flavors: r-devel-linux-x86_64-fedora-clang, r-release-macos-arm64, r-release-macos-x86_64, r-release-windows-ix86+x86_64, r-oldrel-macos-x86_64, r-oldrel-windows-ix86+x86_64