CRAN Package Check Results for Package glottospace

Last updated on 2023-05-29 23:03:46 CEST.

Flavor Version Tinstall Tcheck Ttotal Status Flags
r-devel-linux-x86_64-debian-clang 0.0.112 10.26 68.90 79.16 OK
r-devel-linux-x86_64-debian-gcc 0.0.112 9.77 52.76 62.53 OK
r-devel-linux-x86_64-fedora-clang 0.0.112 101.37 NOTE
r-devel-linux-x86_64-fedora-gcc 0.0.112 105.04 NOTE
r-devel-windows-x86_64 0.0.112 13.00 71.00 84.00 OK
r-patched-linux-x86_64 0.0.112 11.16 65.47 76.63 OK
r-release-linux-x86_64 0.0.112 7.67 65.52 73.19 OK
r-release-macos-arm64 0.0.112 37.00 OK
r-release-macos-x86_64 0.0.112 59.00 OK
r-release-windows-x86_64 0.0.112 18.00 85.00 103.00 OK
r-oldrel-macos-arm64 0.0.112 34.00 NOTE
r-oldrel-macos-x86_64 0.0.112 59.00 NOTE
r-oldrel-windows-x86_64 0.0.112 18.00 83.00 101.00 OK

Check Details

Version: 0.0.112
Check: dependencies in R code
Result: NOTE
    Namespace in Imports field not imported from: ‘rnaturalearthdata’
     All declared Imports should be used.
Flavors: r-devel-linux-x86_64-fedora-clang, r-devel-linux-x86_64-fedora-gcc, r-oldrel-macos-arm64, r-oldrel-macos-x86_64

Version: 0.0.112
Check: data for non-ASCII characters
Result: NOTE
     Note: found 1191 marked UTF-8 strings
Flavors: r-devel-linux-x86_64-fedora-clang, r-devel-linux-x86_64-fedora-gcc, r-oldrel-macos-arm64, r-oldrel-macos-x86_64