CRAN Package Check Results for Package gofCopula

Last updated on 2022-01-25 22:56:58 CET.

Flavor Version Tinstall Tcheck Ttotal Status Flags
r-devel-linux-x86_64-debian-clang 0.4-1 39.92 228.17 268.09 OK
r-devel-linux-x86_64-debian-gcc 0.4-1 35.01 181.46 216.47 OK
r-devel-linux-x86_64-fedora-clang 0.4-1 313.93 OK
r-devel-linux-x86_64-fedora-gcc 0.4-1 330.77 OK
r-devel-windows-x86_64-new-UL 0.4-1 111.00 229.00 340.00 OK
r-devel-windows-x86_64-new-TK 0.4-1 OK
r-patched-linux-x86_64 0.4-1 43.03 231.67 274.70 OK
r-release-linux-x86_64 0.4-1 36.84 230.41 267.25 OK
r-release-macos-arm64 0.4-1 OK
r-release-macos-x86_64 0.4-1 OK
r-release-windows-ix86+x86_64 0.4-1 69.00 171.00 240.00 ERROR
r-oldrel-macos-x86_64 0.4-1 OK
r-oldrel-windows-ix86+x86_64 0.4-1 69.00 172.00 241.00 ERROR

Check Details

Version: 0.4-1
Check: examples
Result: ERROR
    Running examples in 'gofCopula-Ex.R' failed
    The error most likely occurred in:
    
    > ### Name: gofArchmChisq
    > ### Title: ArchmChisq Gof test using the Anderson-Darling test statistic
    > ### and the chi-square distribution
    > ### Aliases: gofArchmChisq
    >
    > ### ** Examples
    >
    >
    > data(IndexReturns2D)
    Warning in data(IndexReturns2D) : data set 'IndexReturns2D' not found
    >
    > gofArchmChisq("clayton", IndexReturns2D, M = 10)
    The margins will be estimated as: ranks
    Warning in gofArchmChisq("clayton", IndexReturns2D, M = 10) :
     Pseudo Maximum Likelihood estimation of the parameters while the bootstrapping
    procedure failed. The estimation was performed with inversion of Kendall's Tau.
    Therefore df.est was set to FALSE for the bootstrapping.
    Warning in gofTstat(u = x, method = Tstat, copula = copula) :
     restarting interrupted promise evaluation
    Error in gofTstat(u = x, method = Tstat, copula = copula) :
     cannot open file 'D:/temp/RtmpmGdysN/RLIBS_132182ee31756/ADGofTest/R/ADGofTest.rdb': No such file or directory
    Calls: gofArchmChisq -> .gofCopulapb -> .Tstats -> gofTstat
    Execution halted
Flavor: r-release-windows-ix86+x86_64

Version: 0.4-1
Check: PDF version of manual
Result: ERROR
    Rd conversion errors:
    Warning in file(outfile, "wt") :
     cannot open file 'D:/temp/RtmpmGdysN/Rd2pdf132188f38d6/Rd2.tex': No such file or directory
    Error in file(outfile, "wt") : cannot open the connection
Flavor: r-release-windows-ix86+x86_64

Version: 0.4-1
Check: examples
Result: ERROR
    Running examples in 'gofCopula-Ex.R' failed
    The error occurred in:
    
    
    R version 4.0.5 (2021-03-31) -- "Shake and Throw"
    Copyright (C) 2021 The R Foundation for Statistical Computing
    Platform: x86_64-w64-mingw32/x64 (64-bit)
    
    R is free software and comes with ABSOLUTELY NO WARRANTY.
    You are welcome to redistribute it under certain conditions.
    Type 'license()' or 'licence()' for distribution details.
    
     Natural language support but running in an English locale
    
    R is a collaborative project with many contributors.
    Type 'contributors()' for more information and
    'citation()' on how to cite R or R packages in publications.
    
    Type 'demo()' for some demos, 'help()' for on-line help, or
    'help.start()' for an HTML browser interface to help.
    Type 'q()' to quit R.
    
    > pkgname <- "gofCopula"
    > source(file.path(R.home("share"), "R", "examples-header.R"))
    > options(warn = 1)
    > options(pager = "console")
    > library('gofCopula')
    Error in library("gofCopula") : there is no package called 'gofCopula'
    Execution halted
Flavor: r-oldrel-windows-ix86+x86_64