CRAN Package Check Results for Package golem

Last updated on 2024-04-17 22:59:54 CEST.

Flavor Version Tinstall Tcheck Ttotal Status Flags
r-devel-linux-x86_64-debian-clang 0.4.1 4.51 100.81 105.32 NOTE
r-devel-linux-x86_64-debian-gcc 0.4.1 5.38 76.15 81.53 NOTE
r-devel-linux-x86_64-fedora-clang 0.4.1 136.57 NOTE
r-devel-linux-x86_64-fedora-gcc 0.4.1 145.35 NOTE
r-prerel-macos-arm64 0.4.1 57.00 NOTE
r-prerel-windows-x86_64 0.4.1 8.00 110.00 118.00 NOTE
r-patched-linux-x86_64 0.4.1 7.77 97.77 105.54 NOTE
r-release-linux-x86_64 0.4.1 5.33 94.33 99.66 OK
r-release-macos-arm64 0.4.1 56.00 OK
r-release-macos-x86_64 0.4.1 100.00 OK
r-release-windows-x86_64 0.4.1 10.00 126.00 136.00 OK
r-oldrel-macos-arm64 0.4.1 53.00 OK
r-oldrel-windows-x86_64 0.4.1 11.00 128.00 139.00 OK

Check Details

Version: 0.4.1
Check: Rd files
Result: NOTE checkRd: (-1) create_golem.Rd:30: Lost braces; missing escapes or markup? 30 | \item{package_name}{Package name to use. By default, {golem} uses | ^ checkRd: (-1) fill_desc.Rd:42: Lost braces; missing escapes or markup? 42 | The {desc} object, invisibly. | ^ checkRd: (-1) get_sysreqs.Rd:23: Lost braces; missing escapes or markup? 23 | {dockerfiler}. | ^ checkRd: (-1) golem_opts.Rd:80: Lost braces; missing escapes or markup? 80 | \item{config_file}{path to the {golem} config file} | ^ checkRd: (-1) install_dev_deps.Rd:5: Lost braces; missing escapes or markup? 5 | \title{Install {golem} dev dependencies} | ^ checkRd: (-1) project_hook.Rd:13: Lost braces; missing escapes or markup? 13 | \item{package_name}{Package name to use. By default, {golem} uses | ^ Flavors: r-devel-linux-x86_64-debian-clang, r-devel-linux-x86_64-debian-gcc, r-devel-linux-x86_64-fedora-clang, r-devel-linux-x86_64-fedora-gcc, r-prerel-macos-arm64, r-prerel-windows-x86_64, r-patched-linux-x86_64